Last updated on 2020-08-07 01:49:50 CEST.
| Flavor | Version | Tinstall | Tcheck | Ttotal | Status | Flags | 
|---|---|---|---|---|---|---|
| r-devel-linux-x86_64-debian-clang | 0.7 | 29.92 | 48.58 | 78.50 | OK | |
| r-devel-linux-x86_64-debian-gcc | 0.7 | 20.88 | 36.92 | 57.80 | OK | |
| r-devel-linux-x86_64-fedora-clang | 0.7 | 101.55 | NOTE | |||
| r-devel-linux-x86_64-fedora-gcc | 0.7 | 90.93 | NOTE | |||
| r-devel-windows-ix86+x86_64 | 0.7 | 130.00 | 83.00 | 213.00 | NOTE | |
| r-patched-linux-x86_64 | 0.7 | 23.92 | 47.27 | 71.19 | OK | |
| r-patched-solaris-x86 | 0.7 | 125.40 | OK | |||
| r-release-linux-x86_64 | 0.7 | 23.14 | 47.93 | 71.07 | OK | |
| r-release-macos-x86_64 | 0.7 | NOTE | ||||
| r-release-windows-ix86+x86_64 | 0.7 | 132.00 | 96.00 | 228.00 | NOTE | |
| r-oldrel-macos-x86_64 | 0.7 | OK | ||||
| r-oldrel-windows-ix86+x86_64 | 0.7 | 106.00 | 77.00 | 183.00 | NOTE | 
Version: 0.7
Check: top-level files
Result: NOTE
    ‘configure’: /bin/bash is not portable
Flavors: r-devel-linux-x86_64-fedora-clang, r-devel-linux-x86_64-fedora-gcc
Version: 0.7
Check: installed package size
Result: NOTE
      installed size is  5.6Mb
      sub-directories of 1Mb or more:
        libs   4.6Mb
Flavors: r-devel-windows-ix86+x86_64, r-release-macos-x86_64, r-release-windows-ix86+x86_64, r-oldrel-windows-ix86+x86_64