Last updated on 2020-08-07 01:49:50 CEST.
Flavor | Version | Tinstall | Tcheck | Ttotal | Status | Flags |
---|---|---|---|---|---|---|
r-devel-linux-x86_64-debian-clang | 0.6.0 | 2.77 | 34.41 | 37.18 | OK | |
r-devel-linux-x86_64-debian-gcc | 0.6.0 | 2.31 | 26.87 | 29.18 | OK | |
r-devel-linux-x86_64-fedora-clang | 0.6.0 | 53.63 | OK | |||
r-devel-linux-x86_64-fedora-gcc | 0.6.0 | 53.78 | OK | |||
r-devel-windows-ix86+x86_64 | 0.6.0 | 15.00 | 71.00 | 86.00 | OK | |
r-patched-linux-x86_64 | 0.6.0 | 3.21 | 33.77 | 36.98 | OK | |
r-patched-solaris-x86 | 0.6.0 | 68.60 | WARN | |||
r-release-linux-x86_64 | 0.6.0 | 3.29 | 34.19 | 37.48 | OK | |
r-release-macos-x86_64 | 0.6.0 | WARN | ||||
r-release-windows-ix86+x86_64 | 0.6.0 | 12.00 | 52.00 | 64.00 | OK | |
r-oldrel-macos-x86_64 | 0.6.0 | WARN | ||||
r-oldrel-windows-ix86+x86_64 | 0.6.0 | 5.00 | 50.00 | 55.00 | OK |
Version: 0.6.0
Check: re-building of vignette outputs
Result: WARN
Error(s) in re-building vignettes:
...
--- re-building ‘introduction.Rmd’ using rmarkdown
Warning in engine$weave(file, quiet = quiet, encoding = enc) :
Pandoc (>= 1.12.3) and/or pandoc-citeproc not available. Falling back to R Markdown v1.
Attaching package: 'dplyr'
The following objects are masked from 'package:stats':
filter, lag
The following objects are masked from 'package:base':
intersect, setdiff, setequal, union
Quitting from lines 67-77 (introduction.Rmd)
Error: processing vignette 'introduction.Rmd' failed with diagnostics:
cannot open the connection
--- failed re-building ‘introduction.Rmd’
SUMMARY: processing the following file failed:
‘introduction.Rmd’
Error: Vignette re-building failed.
Execution halted
Flavors: r-patched-solaris-x86, r-release-macos-x86_64, r-oldrel-macos-x86_64