Last updated on 2020-08-07 01:49:50 CEST.
Flavor | Version | Tinstall | Tcheck | Ttotal | Status | Flags |
---|---|---|---|---|---|---|
r-devel-linux-x86_64-debian-clang | 2.5.0 | 5.86 | 52.02 | 57.88 | OK | |
r-devel-linux-x86_64-debian-gcc | 2.5.0 | 4.42 | 39.40 | 43.82 | OK | |
r-devel-linux-x86_64-fedora-clang | 2.5.0 | 74.37 | NOTE | |||
r-devel-linux-x86_64-fedora-gcc | 2.5.0 | 67.28 | OK | |||
r-devel-windows-ix86+x86_64 | 2.5.0 | 21.00 | 89.00 | 110.00 | OK | |
r-patched-linux-x86_64 | 2.5.0 | 6.12 | 51.34 | 57.46 | OK | |
r-patched-solaris-x86 | 2.5.0 | 95.70 | OK | |||
r-release-linux-x86_64 | 2.5.0 | 5.93 | 50.57 | 56.50 | OK | |
r-release-macos-x86_64 | 2.5.0 | OK | ||||
r-release-windows-ix86+x86_64 | 2.5.0 | 18.00 | 61.00 | 79.00 | OK | |
r-oldrel-macos-x86_64 | 2.5.0 | OK | ||||
r-oldrel-windows-ix86+x86_64 | 2.5.0 | 12.00 | 64.00 | 76.00 | OK |
Version: 2.5.0
Check: Rd cross-references
Result: NOTE
Undeclared package ‘rlang’ in Rd xrefs
Flavor: r-devel-linux-x86_64-fedora-clang