Last updated on 2020-08-07 01:49:49 CEST.
Flavor | Version | Tinstall | Tcheck | Ttotal | Status | Flags |
---|---|---|---|---|---|---|
r-devel-linux-x86_64-debian-clang | 0.2 | 12.21 | 88.60 | 100.81 | OK | |
r-devel-linux-x86_64-debian-gcc | 0.2 | 9.42 | 67.34 | 76.76 | OK | |
r-devel-linux-x86_64-fedora-clang | 0.2 | 130.97 | OK | |||
r-devel-linux-x86_64-fedora-gcc | 0.2 | 119.08 | OK | |||
r-devel-windows-ix86+x86_64 | 0.2 | 50.00 | 93.00 | 143.00 | OK | |
r-patched-linux-x86_64 | 0.2 | 11.17 | 85.49 | 96.66 | OK | |
r-patched-solaris-x86 | 0.2 | 192.90 | OK | |||
r-release-linux-x86_64 | 0.2 | 12.12 | 86.06 | 98.18 | OK | |
r-release-macos-x86_64 | 0.2 | OK | ||||
r-release-windows-ix86+x86_64 | 0.2 | 46.00 | 131.00 | 177.00 | OK | |
r-oldrel-macos-x86_64 | 0.2 | WARN | ||||
r-oldrel-windows-ix86+x86_64 | 0.2 | 20.00 | 124.00 | 144.00 | OK |
Version: 0.2
Check: dependencies in R code
Result: NOTE
No protocol specified
No protocol specified
Flavor: r-oldrel-macos-x86_64
Version: 0.2
Check: S3 generic/method consistency
Result: WARN
No protocol specified
No protocol specified
See section ‘Generic functions and methods’ in the ‘Writing R
Extensions’ manual.
Flavor: r-oldrel-macos-x86_64
Version: 0.2
Check: replacement functions
Result: WARN
No protocol specified
No protocol specified
The argument of a replacement function which corresponds to the right
hand side must be named ‘value’.
Flavor: r-oldrel-macos-x86_64
Version: 0.2
Check: foreign function calls
Result: NOTE
No protocol specified
No protocol specified
See chapter ‘System and foreign language interfaces’ in the ‘Writing R
Extensions’ manual.
Flavor: r-oldrel-macos-x86_64
Version: 0.2
Check: R code for possible problems
Result: NOTE
No protocol specified
No protocol specified
Flavor: r-oldrel-macos-x86_64
Version: 0.2
Check: for missing documentation entries
Result: WARN
No protocol specified
No protocol specified
All user-level objects in a package should have documentation entries.
See chapter ‘Writing R documentation files’ in the ‘Writing R
Extensions’ manual.
Flavor: r-oldrel-macos-x86_64
Version: 0.2
Check: for code/documentation mismatches
Result: WARN
No protocol specified
No protocol specified
No protocol specified
No protocol specified
No protocol specified
No protocol specified
Flavor: r-oldrel-macos-x86_64
Version: 0.2
Check: Rd \usage sections
Result: NOTE
No protocol specified
No protocol specified
The \usage entries for S3 methods should use the \method markup and not
their full name.
See chapter ‘Writing R documentation files’ in the ‘Writing R
Extensions’ manual.
Flavor: r-oldrel-macos-x86_64