Last updated on 2020-08-07 01:49:49 CEST.
Flavor | Version | Tinstall | Tcheck | Ttotal | Status | Flags |
---|---|---|---|---|---|---|
r-devel-linux-x86_64-debian-clang | 0.2.6 | 9.52 | 107.34 | 116.86 | OK | |
r-devel-linux-x86_64-debian-gcc | 0.2.6 | 7.68 | 80.11 | 87.79 | OK | |
r-devel-linux-x86_64-fedora-clang | 0.2.6 | 141.55 | OK | |||
r-devel-linux-x86_64-fedora-gcc | 0.2.6 | 134.36 | OK | |||
r-devel-windows-ix86+x86_64 | 0.2.6 | 24.00 | 148.00 | 172.00 | OK | |
r-patched-linux-x86_64 | 0.2.6 | 7.68 | 102.89 | 110.57 | OK | |
r-patched-solaris-x86 | 0.2.6 | 187.10 | OK | |||
r-release-linux-x86_64 | 0.2.6 | 9.95 | 103.07 | 113.02 | OK | |
r-release-macos-x86_64 | 0.2.6 | OK | ||||
r-release-windows-ix86+x86_64 | 0.2.6 | 24.00 | 103.00 | 127.00 | OK | |
r-oldrel-macos-x86_64 | 0.2.6 | OK | ||||
r-oldrel-windows-ix86+x86_64 | 0.2.6 | 14.00 | 91.00 | 105.00 | WARN |
Version: 0.2.6
Check: re-building of vignette outputs
Result: WARN
Error(s) in re-building vignettes:
--- re-building 'isocat.Rmd' using rmarkdown
Quitting from lines 16-33 (isocat.Rmd)
Error: processing vignette 'isocat.Rmd' failed with diagnostics:
package 'lattice' 0.20.38 was found, but >= 0.20.41 is required by 'rasterVis'
--- failed re-building 'isocat.Rmd'
SUMMARY: processing the following file failed:
'isocat.Rmd'
Error: Vignette re-building failed.
Execution halted
Flavor: r-oldrel-windows-ix86+x86_64