CRAN Package Check Results for Package ipc

Last updated on 2020-08-07 01:49:49 CEST.

Flavor Version Tinstall Tcheck Ttotal Status Flags
r-devel-linux-x86_64-debian-clang 0.1.3 7.50 29.36 36.86 OK
r-devel-linux-x86_64-debian-gcc 0.1.3 7.38 22.98 30.36 OK
r-devel-linux-x86_64-fedora-clang 0.1.3 55.11 OK
r-devel-linux-x86_64-fedora-gcc 0.1.3 46.63 OK
r-devel-windows-ix86+x86_64 0.1.3 22.00 53.00 75.00 OK
r-patched-linux-x86_64 0.1.3 8.85 28.88 37.73 OK
r-patched-solaris-x86 0.1.3 91.50 NOTE
r-release-linux-x86_64 0.1.3 8.71 29.35 38.06 OK
r-release-macos-x86_64 0.1.3 OK
r-release-windows-ix86+x86_64 0.1.3 22.00 72.00 94.00 OK
r-oldrel-macos-x86_64 0.1.3 OK
r-oldrel-windows-ix86+x86_64 0.1.3 12.00 49.00 61.00 OK

Check Details

Version: 0.1.3
Check: package dependencies
Result: NOTE
    Package suggested but not available for checking: ‘redux’
Flavor: r-patched-solaris-x86