Last updated on 2020-08-07 01:49:49 CEST.
| Flavor | Version | Tinstall | Tcheck | Ttotal | Status | Flags | 
|---|---|---|---|---|---|---|
| r-devel-linux-x86_64-debian-clang | 1.0.0 | 6.08 | 70.60 | 76.68 | OK | |
| r-devel-linux-x86_64-debian-gcc | 1.0.0 | 4.93 | 52.88 | 57.81 | OK | |
| r-devel-linux-x86_64-fedora-clang | 1.0.0 | 98.76 | OK | |||
| r-devel-linux-x86_64-fedora-gcc | 1.0.0 | 86.72 | OK | |||
| r-devel-windows-ix86+x86_64 | 1.0.0 | 31.00 | 130.00 | 161.00 | OK | |
| r-patched-linux-x86_64 | 1.0.0 | 5.44 | 67.48 | 72.92 | OK | |
| r-release-linux-x86_64 | 1.0.0 | 6.32 | 66.93 | 73.25 | OK | |
| r-release-macos-x86_64 | 1.0.0 | WARN | ||||
| r-release-windows-ix86+x86_64 | 1.0.0 | 26.00 | 95.00 | 121.00 | OK | |
| r-oldrel-macos-x86_64 | 1.0.0 | WARN | ||||
| r-oldrel-windows-ix86+x86_64 | 1.0.0 | 15.00 | 84.00 | 99.00 | OK | 
Version: 1.0.0
Check: re-building of vignette outputs
Result: WARN
    Error(s) in re-building vignettes:
    --- re-building ‘IntGraphTutorial.Rmd’ using rmarkdown
    Warning in engine$weave(file, quiet = quiet, encoding = enc) :
      Pandoc (>= 1.12.3) and/or pandoc-citeproc not available. Falling back to R Markdown v1.
    Loading required package: dplyr
    
    Attaching package: 'dplyr'
    
    The following objects are masked from 'package:stats':
    
        filter, lag
    
    The following objects are masked from 'package:base':
    
        intersect, setdiff, setequal, union
    
    Loading required package: DiagrammeR
    Loading required package: DiagrammeRsvg
    Loading required package: rsvg
    Loading required package: gtools
    PhantomJS not found. You can install it with webshot::install_phantomjs(). If it is installed, please make sure the phantomjs executable can be found via the PATH variable.
    Warning in normalizePath(f2) :
      path[1]="webshota3e06b28a5bc.png": No such file or directory
    Warning in file(con, "rb") :
      cannot open file 'webshota3e06b28a5bc.png': No such file or directory
    Quitting from lines 32-34 (IntGraphTutorial.Rmd) 
    Error: processing vignette 'IntGraphTutorial.Rmd' failed with diagnostics:
    cannot open the connection
    --- failed re-building ‘IntGraphTutorial.Rmd’
    
    SUMMARY: processing the following file failed:
      ‘IntGraphTutorial.Rmd’
    
    Error: Vignette re-building failed.
    Execution halted
Flavor: r-release-macos-x86_64
Version: 1.0.0
Check: re-building of vignette outputs
Result: WARN
    Error(s) in re-building vignettes:
    --- re-building ‘IntGraphTutorial.Rmd’ using rmarkdown
    Warning in engine$weave(file, quiet = quiet, encoding = enc) :
      Pandoc (>= 1.12.3) and/or pandoc-citeproc not available. Falling back to R Markdown v1.
    Loading required package: dplyr
    
    Attaching package: 'dplyr'
    
    The following objects are masked from 'package:stats':
    
        filter, lag
    
    The following objects are masked from 'package:base':
    
        intersect, setdiff, setequal, union
    
    Loading required package: DiagrammeR
    Loading required package: DiagrammeRsvg
    Loading required package: rsvg
    Loading required package: gtools
    PhantomJS not found. You can install it with webshot::install_phantomjs(). If it is installed, please make sure the phantomjs executable can be found via the PATH variable.
    Warning in normalizePath(f2) :
      path[1]="webshot15a63ac4ea79.png": No such file or directory
    Warning in file(con, "rb") :
      cannot open file 'webshot15a63ac4ea79.png': No such file or directory
    Quitting from lines 32-34 (IntGraphTutorial.Rmd) 
    Error: processing vignette 'IntGraphTutorial.Rmd' failed with diagnostics:
    cannot open the connection
    --- failed re-building ‘IntGraphTutorial.Rmd’
    
    SUMMARY: processing the following file failed:
      ‘IntGraphTutorial.Rmd’
    
    Error: Vignette re-building failed.
    Execution halted
Flavor: r-oldrel-macos-x86_64