Last updated on 2020-08-07 01:49:49 CEST.
Flavor | Version | Tinstall | Tcheck | Ttotal | Status | Flags |
---|---|---|---|---|---|---|
r-devel-linux-x86_64-debian-clang | 0.1.0 | 3.78 | 29.49 | 33.27 | NOTE | |
r-devel-linux-x86_64-debian-gcc | 0.1.0 | 2.93 | 22.81 | 25.74 | NOTE | |
r-devel-linux-x86_64-fedora-clang | 0.1.0 | 48.26 | NOTE | |||
r-devel-linux-x86_64-fedora-gcc | 0.1.0 | 38.57 | NOTE | |||
r-devel-windows-ix86+x86_64 | 0.1.0 | 11.00 | 41.00 | 52.00 | NOTE | |
r-patched-linux-x86_64 | 0.1.0 | 3.62 | 28.99 | 32.61 | NOTE | |
r-patched-solaris-x86 | 0.1.0 | 58.00 | NOTE | |||
r-release-linux-x86_64 | 0.1.0 | 3.42 | 29.77 | 33.19 | NOTE | |
r-release-macos-x86_64 | 0.1.0 | NOTE | ||||
r-release-windows-ix86+x86_64 | 0.1.0 | 12.00 | 60.00 | 72.00 | NOTE | |
r-oldrel-macos-x86_64 | 0.1.0 | NOTE | ||||
r-oldrel-windows-ix86+x86_64 | 0.1.0 | 6.00 | 36.00 | 42.00 | NOTE |
Version: 0.1.0
Check: dependencies in R code
Result: NOTE
Package in Depends field not imported from: 'sandwich'
These packages need to be imported from (in the NAMESPACE file)
for when this namespace is loaded but not attached.
Flavors: r-devel-linux-x86_64-debian-clang, r-devel-linux-x86_64-debian-gcc, r-devel-linux-x86_64-fedora-clang, r-devel-linux-x86_64-fedora-gcc, r-devel-windows-ix86+x86_64, r-patched-linux-x86_64, r-patched-solaris-x86, r-release-linux-x86_64, r-release-macos-x86_64, r-release-windows-ix86+x86_64, r-oldrel-macos-x86_64, r-oldrel-windows-ix86+x86_64
Version: 0.1.0
Check: R code for possible problems
Result: NOTE
infer,coxph: no visible global function definition for 'coef'
infer,coxph: no visible global function definition for 'vcov'
infer,coxph: no visible global function definition for 'sandwich'
infer,coxph: no visible global function definition for 'pnorm'
infer,coxph: no visible global function definition for 'qnorm'
infer,gee: no visible global function definition for 'coef'
infer,gee: no visible global function definition for 'pnorm'
infer,gee: no visible global function definition for 'qnorm'
infer,glm: no visible global function definition for 'coef'
infer,glm: no visible global function definition for 'sandwich'
infer,glm: no visible global function definition for 'vcov'
infer,glm: no visible global function definition for 'pnorm'
infer,glm: no visible global function definition for 'qnorm'
infer,lm: no visible global function definition for 'coef'
infer,lm: no visible global function definition for 'sandwich'
infer,lm: no visible global function definition for 'vcov'
infer,lm: no visible global function definition for 'pnorm'
infer,lm: no visible global function definition for 'qnorm'
infer,lme: no visible global function definition for 'coef'
infer,lme: no visible global function definition for 'fixed.effects'
infer,lme: no visible global function definition for 'vcov'
infer,lme: no visible global function definition for 'pnorm'
infer,lme: no visible global function definition for 'qnorm'
infer,mer: no visible global function definition for 'coef'
infer,mer: no visible global function definition for 'vcov'
infer,mer: no visible global function definition for 'pnorm'
infer,mer: no visible global function definition for 'qnorm'
infer,mer: no visible binding for global variable 'fm1'
Undefined global functions or variables:
coef fixed.effects fm1 pnorm qnorm sandwich vcov
Consider adding
importFrom("stats", "coef", "pnorm", "qnorm", "vcov")
to your NAMESPACE file.
Flavors: r-devel-linux-x86_64-debian-clang, r-devel-linux-x86_64-debian-gcc, r-devel-linux-x86_64-fedora-clang, r-devel-linux-x86_64-fedora-gcc, r-devel-windows-ix86+x86_64, r-patched-linux-x86_64, r-patched-solaris-x86, r-release-linux-x86_64, r-release-macos-x86_64, r-release-windows-ix86+x86_64, r-oldrel-macos-x86_64, r-oldrel-windows-ix86+x86_64
Version: 0.1.0
Check: Rd cross-references
Result: NOTE
Undeclared package ‘gee’ in Rd xrefs
Flavor: r-devel-linux-x86_64-fedora-clang