Last updated on 2020-08-07 01:49:49 CEST.
Flavor | Version | Tinstall | Tcheck | Ttotal | Status | Flags |
---|---|---|---|---|---|---|
r-devel-linux-x86_64-debian-clang | 1.1.2 | 3.60 | 28.21 | 31.81 | OK | |
r-devel-linux-x86_64-debian-gcc | 1.1.2 | 2.78 | 21.28 | 24.06 | OK | |
r-devel-linux-x86_64-fedora-clang | 1.1.2 | 45.75 | NOTE | |||
r-devel-linux-x86_64-fedora-gcc | 1.1.2 | 38.83 | NOTE | |||
r-devel-windows-ix86+x86_64 | 1.1.2 | 13.00 | 56.00 | 69.00 | OK | |
r-patched-linux-x86_64 | 1.1.2 | 3.81 | 27.46 | 31.27 | OK | |
r-patched-solaris-x86 | 1.1.2 | 57.90 | NOTE | |||
r-release-linux-x86_64 | 1.1.2 | 3.40 | 27.13 | 30.53 | OK | |
r-release-macos-x86_64 | 1.1.2 | NOTE | ||||
r-release-windows-ix86+x86_64 | 1.1.2 | 14.00 | 41.00 | 55.00 | OK | |
r-oldrel-macos-x86_64 | 1.1.2 | NOTE | ||||
r-oldrel-windows-ix86+x86_64 | 1.1.2 | 4.00 | 33.00 | 37.00 | OK |
Version: 1.1.2
Check: dependencies in R code
Result: NOTE
Namespaces in Imports field not imported from:
‘data.table’ ‘dplyr’ ‘haven’
All declared Imports should be used.
Flavors: r-devel-linux-x86_64-fedora-clang, r-devel-linux-x86_64-fedora-gcc, r-patched-solaris-x86, r-release-macos-x86_64, r-oldrel-macos-x86_64