Last updated on 2020-08-07 01:49:49 CEST.
Flavor | Version | Tinstall | Tcheck | Ttotal | Status | Flags |
---|---|---|---|---|---|---|
r-devel-linux-x86_64-debian-clang | 0.2-1 | 3.37 | 17.38 | 20.75 | NOTE | |
r-devel-linux-x86_64-debian-gcc | 0.2-1 | 2.46 | 13.69 | 16.15 | NOTE | |
r-devel-linux-x86_64-fedora-clang | 0.2-1 | 34.22 | NOTE | |||
r-devel-linux-x86_64-fedora-gcc | 0.2-1 | 24.31 | NOTE | |||
r-devel-windows-ix86+x86_64 | 0.2-1 | 14.00 | 33.00 | 47.00 | OK | |
r-patched-linux-x86_64 | 0.2-1 | 2.92 | 17.27 | 20.19 | NOTE | |
r-patched-solaris-x86 | 0.2-1 | 37.80 | OK | |||
r-release-linux-x86_64 | 0.2-1 | 2.88 | 17.60 | 20.48 | NOTE | |
r-release-macos-x86_64 | 0.2-1 | OK | ||||
r-release-windows-ix86+x86_64 | 0.2-1 | 11.00 | 36.00 | 47.00 | OK | |
r-oldrel-macos-x86_64 | 0.2-1 | OK | ||||
r-oldrel-windows-ix86+x86_64 | 0.2-1 | 9.00 | 43.00 | 52.00 | OK |
Version: 0.2-1
Check: top-level files
Result: NOTE
Non-standard file/directory found at top level:
'README.Idcoefs2b1.txt'
Flavors: r-devel-linux-x86_64-debian-clang, r-devel-linux-x86_64-debian-gcc, r-devel-linux-x86_64-fedora-clang, r-devel-linux-x86_64-fedora-gcc, r-patched-linux-x86_64, r-release-linux-x86_64
Version: 0.2-1
Check: compiled code
Result: NOTE
File ‘identity/libs/identity.so’:
Found no calls to: ‘R_registerRoutines’, ‘R_useDynamicSymbols’
It is good practice to register native routines and to disable symbol
search.
See ‘Writing portable packages’ in the ‘Writing R Extensions’ manual.
Flavors: r-devel-linux-x86_64-fedora-clang, r-devel-linux-x86_64-fedora-gcc