Last updated on 2020-08-07 01:49:48 CEST.
| Flavor | Version | Tinstall | Tcheck | Ttotal | Status | Flags | 
|---|---|---|---|---|---|---|
| r-devel-linux-x86_64-debian-clang | 0.3.0 | 192.99 | 60.90 | 253.89 | OK | |
| r-devel-linux-x86_64-debian-gcc | 0.3.0 | 128.40 | 44.45 | 172.85 | OK | |
| r-devel-linux-x86_64-fedora-clang | 0.3.0 | 361.41 | NOTE | |||
| r-devel-linux-x86_64-fedora-gcc | 0.3.0 | 307.95 | OK | |||
| r-devel-windows-ix86+x86_64 | 0.3.0 | 438.00 | 128.00 | 566.00 | OK | |
| r-patched-linux-x86_64 | 0.3.0 | 128.33 | 61.08 | 189.41 | OK | |
| r-patched-solaris-x86 | 0.3.0 | 285.60 | OK | |||
| r-release-linux-x86_64 | 0.3.0 | 130.43 | 61.61 | 192.04 | OK | |
| r-release-macos-x86_64 | 0.3.0 | OK | ||||
| r-release-windows-ix86+x86_64 | 0.3.0 | 446.00 | 157.00 | 603.00 | OK | |
| r-oldrel-macos-x86_64 | 0.3.0 | OK | ||||
| r-oldrel-windows-ix86+x86_64 | 0.3.0 | 318.00 | 124.00 | 442.00 | OK | 
Version: 0.3.0
Check: installed package size
Result: NOTE
      installed size is  5.6Mb
      sub-directories of 1Mb or more:
        libs   5.3Mb
Flavor: r-devel-linux-x86_64-fedora-clang