Last updated on 2020-08-07 01:49:48 CEST.
Flavor | Version | Tinstall | Tcheck | Ttotal | Status | Flags |
---|---|---|---|---|---|---|
r-devel-linux-x86_64-debian-clang | 0.8 | 466.06 | 124.91 | 590.97 | OK | |
r-devel-linux-x86_64-debian-gcc | 0.8 | 435.53 | 110.13 | 545.66 | OK | |
r-devel-linux-x86_64-fedora-clang | 0.8 | 810.48 | NOTE | |||
r-devel-linux-x86_64-fedora-gcc | 0.8 | 873.94 | NOTE | |||
r-devel-windows-ix86+x86_64 | 0.8 | 1116.00 | 388.00 | 1504.00 | NOTE | |
r-patched-linux-x86_64 | 0.8 | 391.60 | 137.49 | 529.09 | OK | |
r-patched-solaris-x86 | 0.8 | 802.20 | OK | |||
r-release-linux-x86_64 | 0.8 | 388.99 | 139.05 | 528.04 | OK | |
r-release-macos-x86_64 | 0.8 | NOTE | ||||
r-release-windows-ix86+x86_64 | 0.8 | 1044.00 | 483.00 | 1527.00 | NOTE | |
r-oldrel-macos-x86_64 | 0.8 | NOTE | ||||
r-oldrel-windows-ix86+x86_64 | 0.8 | 10.00 | 6.00 | 16.00 | ERROR |
Version: 0.8
Check: installed package size
Result: NOTE
installed size is 80.1Mb
sub-directories of 1Mb or more:
libs 79.5Mb
Flavors: r-devel-linux-x86_64-fedora-clang, r-devel-windows-ix86+x86_64, r-release-macos-x86_64, r-release-windows-ix86+x86_64, r-oldrel-macos-x86_64
Version: 0.8
Check: for GNU extensions in Makefiles
Result: NOTE
GNU make is a SystemRequirements.
Flavors: r-devel-linux-x86_64-fedora-clang, r-devel-linux-x86_64-fedora-gcc, r-release-macos-x86_64, r-oldrel-macos-x86_64
Version: 0.8
Check: whether package can be installed
Result: ERROR
Installation failed.
Flavor: r-oldrel-windows-ix86+x86_64