Last updated on 2020-08-07 01:49:47 CEST.
Flavor | Version | Tinstall | Tcheck | Ttotal | Status | Flags |
---|---|---|---|---|---|---|
r-devel-linux-x86_64-debian-clang | 0.2.3 | 6.65 | 48.89 | 55.54 | OK | |
r-devel-linux-x86_64-debian-gcc | 0.2.3 | 5.44 | 37.07 | 42.51 | OK | |
r-devel-linux-x86_64-fedora-clang | 0.2.3 | 75.50 | OK | |||
r-devel-linux-x86_64-fedora-gcc | 0.2.3 | 64.14 | OK | |||
r-devel-windows-ix86+x86_64 | 0.2.3 | 23.00 | 87.00 | 110.00 | OK | |
r-patched-linux-x86_64 | 0.2.3 | 4.34 | 46.99 | 51.33 | OK | |
r-patched-solaris-x86 | 0.2.3 | 106.00 | OK | |||
r-release-linux-x86_64 | 0.2.3 | 4.15 | 47.32 | 51.47 | OK | |
r-release-macos-x86_64 | 0.2.3 | ERROR | ||||
r-release-windows-ix86+x86_64 | 0.2.3 | 24.00 | 59.00 | 83.00 | OK | |
r-oldrel-macos-x86_64 | 0.2.3 | OK | ||||
r-oldrel-windows-ix86+x86_64 | 0.2.3 | 11.00 | 57.00 | 68.00 | OK |
Version: 0.2.3
Check: package dependencies
Result: ERROR
Package required but not available: ‘ggtree’
See section ‘The DESCRIPTION file’ in the ‘Writing R Extensions’
manual.
Flavor: r-release-macos-x86_64