Last updated on 2020-08-07 01:49:47 CEST.
Flavor | Version | Tinstall | Tcheck | Ttotal | Status | Flags |
---|---|---|---|---|---|---|
r-devel-linux-x86_64-debian-clang | 3.1.0 | 45.25 | 183.27 | 228.52 | OK | |
r-devel-linux-x86_64-debian-gcc | 3.1.0 | 39.11 | 131.00 | 170.11 | NOTE | |
r-devel-linux-x86_64-fedora-clang | 3.1.0 | 291.16 | NOTE | |||
r-devel-linux-x86_64-fedora-gcc | 3.1.0 | 284.88 | NOTE | |||
r-devel-windows-ix86+x86_64 | 3.1.0 | 97.00 | 299.00 | 396.00 | NOTE | |
r-patched-linux-x86_64 | 3.1.0 | 41.34 | 178.87 | 220.21 | NOTE | |
r-patched-solaris-x86 | 3.1.0 | 277.10 | NOTE | |||
r-release-linux-x86_64 | 3.1.0 | 42.62 | 177.44 | 220.06 | NOTE | |
r-release-macos-x86_64 | 3.1.0 | ERROR | ||||
r-release-windows-ix86+x86_64 | 3.1.0 | 103.00 | 217.00 | 320.00 | NOTE | |
r-oldrel-macos-x86_64 | 3.1.0 | WARN | ||||
r-oldrel-windows-ix86+x86_64 | 3.1.0 | 61.00 | 211.00 | 272.00 | WARN |
Version: 3.1.0
Check: package dependencies
Result: NOTE
Package suggested but not available for checking: ‘staplr’
Flavors: r-devel-linux-x86_64-debian-gcc, r-devel-linux-x86_64-fedora-clang, r-devel-linux-x86_64-fedora-gcc, r-patched-linux-x86_64, r-patched-solaris-x86, r-release-linux-x86_64
Version: 3.1.0
Check: dependencies in R code
Result: NOTE
Namespace in Imports field not imported from: ‘R6’
All declared Imports should be used.
Flavors: r-devel-linux-x86_64-fedora-clang, r-devel-linux-x86_64-fedora-gcc, r-patched-solaris-x86
Version: 3.1.0
Check: installed package size
Result: NOTE
installed size is 6.1Mb
sub-directories of 1Mb or more:
data 1.3Mb
libs 2.4Mb
Flavors: r-devel-windows-ix86+x86_64, r-release-windows-ix86+x86_64, r-oldrel-macos-x86_64, r-oldrel-windows-ix86+x86_64
Version: 3.1.0
Check: whether package can be installed
Result: ERROR
Installation failed.
Flavor: r-release-macos-x86_64
Version: 3.1.0
Check: dependencies in R code
Result: NOTE
No protocol specified
No protocol specified
Namespace in Imports field not imported from: ‘R6’
All declared Imports should be used.
Flavor: r-oldrel-macos-x86_64
Version: 3.1.0
Check: Rd cross-references
Result: WARN
Missing link or links in documentation object 'plotwitherror.Rd':
‘[base]{plot}’
See section 'Cross-references' in the 'Writing R Extensions' manual.
Flavors: r-oldrel-macos-x86_64, r-oldrel-windows-ix86+x86_64