Last updated on 2020-08-07 01:49:46 CEST.
Flavor | Version | Tinstall | Tcheck | Ttotal | Status | Flags |
---|---|---|---|---|---|---|
r-devel-linux-x86_64-debian-clang | 0.1.1 | 10.13 | 93.12 | 103.25 | NOTE | |
r-devel-linux-x86_64-debian-gcc | 0.1.1 | 8.61 | 69.87 | 78.48 | NOTE | |
r-devel-linux-x86_64-fedora-clang | 0.1.1 | 131.28 | NOTE | |||
r-devel-linux-x86_64-fedora-gcc | 0.1.1 | 117.65 | NOTE | |||
r-devel-windows-ix86+x86_64 | 0.1.1 | 43.00 | 140.00 | 183.00 | NOTE | |
r-patched-linux-x86_64 | 0.1.1 | 10.71 | 87.95 | 98.66 | NOTE | |
r-patched-solaris-x86 | 0.1.1 | 180.30 | NOTE | |||
r-release-linux-x86_64 | 0.1.1 | 9.52 | 87.55 | 97.07 | NOTE | |
r-release-macos-x86_64 | 0.1.1 | NOTE | ||||
r-release-windows-ix86+x86_64 | 0.1.1 | 42.00 | 91.00 | 133.00 | NOTE | |
r-oldrel-macos-x86_64 | 0.1.1 | OK | ||||
r-oldrel-windows-ix86+x86_64 | 0.1.1 | 24.00 | 87.00 | 111.00 | NOTE |
Version: 0.1.1
Check: R code for possible problems
Result: NOTE
simCCCent : <anonymous>: no visible global function definition for
'simulate.formula'
Undefined global functions or variables:
simulate.formula
Flavors: r-devel-linux-x86_64-debian-clang, r-devel-linux-x86_64-debian-gcc, r-devel-linux-x86_64-fedora-clang, r-devel-linux-x86_64-fedora-gcc, r-devel-windows-ix86+x86_64, r-patched-linux-x86_64, r-patched-solaris-x86, r-release-linux-x86_64, r-release-macos-x86_64, r-release-windows-ix86+x86_64, r-oldrel-windows-ix86+x86_64