Last updated on 2020-08-07 01:49:46 CEST.
| Flavor | Version | Tinstall | Tcheck | Ttotal | Status | Flags | 
|---|---|---|---|---|---|---|
| r-devel-linux-x86_64-debian-clang | 0.0.1 | 51.37 | 101.42 | 152.79 | OK | |
| r-devel-linux-x86_64-debian-gcc | 0.0.1 | 38.74 | 68.28 | 107.02 | OK | |
| r-devel-linux-x86_64-fedora-clang | 0.0.1 | 186.93 | NOTE | |||
| r-devel-linux-x86_64-fedora-gcc | 0.0.1 | 157.41 | OK | |||
| r-devel-windows-ix86+x86_64 | 0.0.1 | 125.00 | 155.00 | 280.00 | OK | |
| r-patched-linux-x86_64 | 0.0.1 | 40.71 | 83.03 | 123.74 | OK | |
| r-patched-solaris-x86 | 0.0.1 | 179.90 | OK | |||
| r-release-linux-x86_64 | 0.0.1 | 37.57 | 82.56 | 120.13 | OK | |
| r-release-macos-x86_64 | 0.0.1 | OK | ||||
| r-release-windows-ix86+x86_64 | 0.0.1 | 127.00 | 191.00 | 318.00 | OK | |
| r-oldrel-macos-x86_64 | 0.0.1 | OK | ||||
| r-oldrel-windows-ix86+x86_64 | 0.0.1 | 94.00 | 146.00 | 240.00 | OK | 
Version: 0.0.1
Check: installed package size
Result: NOTE
      installed size is  5.7Mb
      sub-directories of 1Mb or more:
        doc    2.1Mb
        libs   3.2Mb
Flavor: r-devel-linux-x86_64-fedora-clang