Last updated on 2020-08-07 01:49:46 CEST.
Flavor | Version | Tinstall | Tcheck | Ttotal | Status | Flags |
---|---|---|---|---|---|---|
r-devel-linux-x86_64-debian-clang | 0.3 | 4.78 | 40.64 | 45.42 | NOTE | |
r-devel-linux-x86_64-debian-gcc | 0.3 | 3.90 | 30.84 | 34.74 | NOTE | |
r-devel-linux-x86_64-fedora-clang | 0.3 | 63.33 | NOTE | |||
r-devel-linux-x86_64-fedora-gcc | 0.3 | 52.60 | NOTE | |||
r-devel-windows-ix86+x86_64 | 0.3 | 15.00 | 54.00 | 69.00 | NOTE | |
r-patched-linux-x86_64 | 0.3 | 4.66 | 40.59 | 45.25 | NOTE | |
r-patched-solaris-x86 | 0.3 | 80.90 | NOTE | |||
r-release-linux-x86_64 | 0.3 | 3.94 | 40.10 | 44.04 | NOTE | |
r-release-macos-x86_64 | 0.3 | NOTE | ||||
r-release-windows-ix86+x86_64 | 0.3 | 16.00 | 78.00 | 94.00 | NOTE | |
r-oldrel-macos-x86_64 | 0.3 | NOTE | ||||
r-oldrel-windows-ix86+x86_64 | 0.3 | 9.00 | 69.00 | 78.00 | NOTE |
Version: 0.3
Check: R code for possible problems
Result: NOTE
grid.graph: no visible global function definition for 'is'
Undefined global functions or variables:
is
Consider adding
importFrom("methods", "is")
to your NAMESPACE file (and ensure that your DESCRIPTION Imports field
contains 'methods').
Flavors: r-devel-linux-x86_64-debian-clang, r-devel-linux-x86_64-debian-gcc, r-devel-linux-x86_64-fedora-clang, r-devel-linux-x86_64-fedora-gcc, r-devel-windows-ix86+x86_64, r-patched-linux-x86_64, r-patched-solaris-x86, r-release-linux-x86_64, r-release-macos-x86_64, r-release-windows-ix86+x86_64, r-oldrel-macos-x86_64, r-oldrel-windows-ix86+x86_64