Last updated on 2020-08-07 01:49:46 CEST.
| Flavor | Version | Tinstall | Tcheck | Ttotal | Status | Flags | 
|---|---|---|---|---|---|---|
| r-devel-linux-x86_64-debian-clang | 0.7.0 | 72.84 | 38.73 | 111.57 | OK | |
| r-devel-linux-x86_64-debian-gcc | 0.7.0 | 57.57 | 29.51 | 87.08 | OK | |
| r-devel-linux-x86_64-fedora-clang | 0.7.0 | 171.65 | NOTE | |||
| r-devel-linux-x86_64-fedora-gcc | 0.7.0 | 154.78 | OK | |||
| r-devel-windows-ix86+x86_64 | 0.7.0 | 191.00 | 83.00 | 274.00 | OK | |
| r-patched-linux-x86_64 | 0.7.0 | 60.01 | 38.26 | 98.27 | OK | |
| r-patched-solaris-x86 | 0.7.0 | 139.50 | OK | |||
| r-release-linux-x86_64 | 0.7.0 | 60.94 | 37.90 | 98.84 | OK | |
| r-release-macos-x86_64 | 0.7.0 | NOTE | ||||
| r-release-windows-ix86+x86_64 | 0.7.0 | 185.00 | 101.00 | 286.00 | OK | |
| r-oldrel-macos-x86_64 | 0.7.0 | NOTE | ||||
| r-oldrel-windows-ix86+x86_64 | 0.7.0 | 127.00 | 72.00 | 199.00 | OK | 
Version: 0.7.0
Check: installed package size
Result: NOTE
      installed size is  6.7Mb
      sub-directories of 1Mb or more:
        help   2.4Mb
        libs   4.0Mb
Flavors: r-devel-linux-x86_64-fedora-clang, r-release-macos-x86_64, r-oldrel-macos-x86_64