Last updated on 2020-08-07 01:49:45 CEST.
Flavor | Version | Tinstall | Tcheck | Ttotal | Status | Flags |
---|---|---|---|---|---|---|
r-devel-linux-x86_64-debian-clang | 0.1.0 | 2.75 | 38.39 | 41.14 | NOTE | |
r-devel-linux-x86_64-debian-gcc | 0.1.0 | 2.43 | 28.15 | 30.58 | NOTE | |
r-devel-linux-x86_64-fedora-clang | 0.1.0 | 56.86 | OK | |||
r-devel-linux-x86_64-fedora-gcc | 0.1.0 | 47.70 | OK | |||
r-devel-windows-ix86+x86_64 | 0.1.0 | 15.00 | 51.00 | 66.00 | NOTE | |
r-patched-linux-x86_64 | 0.1.0 | 2.83 | 37.21 | 40.04 | NOTE | |
r-patched-solaris-x86 | 0.1.0 | 66.50 | OK | |||
r-release-linux-x86_64 | 0.1.0 | 2.84 | 37.24 | 40.08 | NOTE | |
r-release-macos-x86_64 | 0.1.0 | OK | ||||
r-release-windows-ix86+x86_64 | 0.1.0 | 16.00 | 83.00 | 99.00 | NOTE | |
r-oldrel-macos-x86_64 | 0.1.0 | OK | ||||
r-oldrel-windows-ix86+x86_64 | 0.1.0 | 8.00 | 50.00 | 58.00 | OK |
Version: 0.1.0
Check: package vignettes
Result: NOTE
Package vignette with placeholder title 'Vignette Title':
'intro.Rmd'
Flavors: r-devel-linux-x86_64-debian-clang, r-devel-linux-x86_64-debian-gcc, r-devel-windows-ix86+x86_64, r-patched-linux-x86_64, r-release-linux-x86_64, r-release-windows-ix86+x86_64