Last updated on 2020-08-07 01:49:45 CEST.
Flavor | Version | Tinstall | Tcheck | Ttotal | Status | Flags |
---|---|---|---|---|---|---|
r-devel-linux-x86_64-debian-clang | 2.0 | 3.37 | 23.47 | 26.84 | NOTE | |
r-devel-linux-x86_64-debian-gcc | 2.0 | 2.49 | 17.95 | 20.44 | NOTE | |
r-devel-linux-x86_64-fedora-clang | 2.0 | 39.74 | NOTE | |||
r-devel-linux-x86_64-fedora-gcc | 2.0 | 30.64 | NOTE | |||
r-devel-windows-ix86+x86_64 | 2.0 | 8.00 | 31.00 | 39.00 | NOTE | |
r-patched-linux-x86_64 | 2.0 | 3.28 | 23.46 | 26.74 | NOTE | |
r-patched-solaris-x86 | 2.0 | 45.20 | NOTE | |||
r-release-linux-x86_64 | 2.0 | 3.40 | 23.25 | 26.65 | NOTE | |
r-release-macos-x86_64 | 2.0 | NOTE | ||||
r-release-windows-ix86+x86_64 | 2.0 | 7.00 | 30.00 | 37.00 | NOTE | |
r-oldrel-macos-x86_64 | 2.0 | NOTE | ||||
r-oldrel-windows-ix86+x86_64 | 2.0 | 8.00 | 42.00 | 50.00 | NOTE |
Version: 2.0
Check: R code for possible problems
Result: NOTE
geoscaleBox: no visible global function definition for 'boxplot'
geoscaleBox: no visible global function definition for 'par'
geoscaleBox: no visible global function definition for 'text'
geoscaleBox: no visible global function definition for 'segments'
geoscaleBox: no visible global function definition for 'rect'
geoscaleBox: no visible global function definition for 'rgb'
geoscaleBox: no visible global function definition for 'polygon'
geoscaleBox: no visible global function definition for 'points'
geoscaleBox: no visible global function definition for 'axis'
geoscalePlot: no visible global function definition for 'par'
geoscalePlot: no visible global function definition for 'text'
geoscalePlot: no visible global function definition for 'segments'
geoscalePlot: no visible global function definition for 'rect'
geoscalePlot: no visible global function definition for 'rgb'
geoscalePlot: no visible global function definition for 'points'
geoscalePlot: no visible global function definition for 'axis'
Undefined global functions or variables:
axis boxplot par points polygon rect rgb segments text
Consider adding
importFrom("grDevices", "rgb")
importFrom("graphics", "axis", "boxplot", "par", "points", "polygon",
"rect", "segments", "text")
to your NAMESPACE file.
Flavors: r-devel-linux-x86_64-debian-clang, r-devel-linux-x86_64-debian-gcc, r-devel-linux-x86_64-fedora-clang, r-devel-linux-x86_64-fedora-gcc, r-devel-windows-ix86+x86_64, r-patched-linux-x86_64, r-patched-solaris-x86, r-release-linux-x86_64, r-release-macos-x86_64, r-release-windows-ix86+x86_64
Version: 2.0
Check: R code for possible problems
Result: NOTE
geoscaleBox: no visible global function definition for ‘boxplot’
geoscaleBox: no visible global function definition for ‘par’
geoscaleBox: no visible global function definition for ‘plot’
geoscaleBox: no visible global function definition for ‘text’
geoscaleBox: no visible global function definition for ‘segments’
geoscaleBox: no visible global function definition for ‘rect’
geoscaleBox: no visible global function definition for ‘rgb’
geoscaleBox: no visible global function definition for ‘polygon’
geoscaleBox: no visible global function definition for ‘points’
geoscaleBox: no visible global function definition for ‘axis’
geoscalePlot: no visible global function definition for ‘par’
geoscalePlot: no visible global function definition for ‘plot’
geoscalePlot: no visible global function definition for ‘text’
geoscalePlot: no visible global function definition for ‘segments’
geoscalePlot: no visible global function definition for ‘rect’
geoscalePlot: no visible global function definition for ‘rgb’
geoscalePlot: no visible global function definition for ‘points’
geoscalePlot: no visible global function definition for ‘axis’
Undefined global functions or variables:
axis boxplot par plot points polygon rect rgb segments text
Consider adding
importFrom("grDevices", "rgb")
importFrom("graphics", "axis", "boxplot", "par", "plot", "points",
"polygon", "rect", "segments", "text")
to your NAMESPACE file.
Flavors: r-oldrel-macos-x86_64, r-oldrel-windows-ix86+x86_64