Last updated on 2020-08-07 01:49:45 CEST.
Flavor | Version | Tinstall | Tcheck | Ttotal | Status | Flags |
---|---|---|---|---|---|---|
r-devel-linux-x86_64-debian-clang | 1.0-4 | 4.66 | 38.11 | 42.77 | OK | |
r-devel-linux-x86_64-debian-gcc | 1.0-4 | 3.36 | 28.75 | 32.11 | OK | |
r-devel-linux-x86_64-fedora-clang | 1.0-4 | 57.09 | NOTE | |||
r-devel-linux-x86_64-fedora-gcc | 1.0-4 | 51.77 | NOTE | |||
r-devel-windows-ix86+x86_64 | 1.0-4 | 14.00 | 51.00 | 65.00 | OK | |
r-patched-linux-x86_64 | 1.0-4 | 4.60 | 37.08 | 41.68 | OK | |
r-patched-solaris-x86 | 1.0-4 | 78.50 | NOTE | |||
r-release-linux-x86_64 | 1.0-4 | 4.43 | 37.39 | 41.82 | OK | |
r-release-macos-x86_64 | 1.0-4 | NOTE | ||||
r-release-windows-ix86+x86_64 | 1.0-4 | 11.00 | 71.00 | 82.00 | OK | |
r-oldrel-macos-x86_64 | 1.0-4 | NOTE | ||||
r-oldrel-windows-ix86+x86_64 | 1.0-4 | 6.00 | 45.00 | 51.00 | OK |
Version: 1.0-4
Check: dependencies in R code
Result: NOTE
Namespaces in Imports field not imported from:
‘maptools’ ‘rgdal’ ‘rgeos’
All declared Imports should be used.
Flavors: r-devel-linux-x86_64-fedora-clang, r-devel-linux-x86_64-fedora-gcc, r-patched-solaris-x86, r-release-macos-x86_64, r-oldrel-macos-x86_64