Last updated on 2020-08-07 01:49:45 CEST.
Flavor | Version | Tinstall | Tcheck | Ttotal | Status | Flags |
---|---|---|---|---|---|---|
r-devel-linux-x86_64-debian-clang | 0.1.3 | 8.44 | 73.49 | 81.93 | OK | |
r-devel-linux-x86_64-debian-gcc | 0.1.3 | 7.26 | 55.33 | 62.59 | OK | |
r-devel-linux-x86_64-fedora-clang | 0.1.3 | 105.31 | NOTE | |||
r-devel-linux-x86_64-fedora-gcc | 0.1.3 | 94.86 | NOTE | |||
r-devel-windows-ix86+x86_64 | 0.1.3 | 23.00 | 103.00 | 126.00 | OK | |
r-patched-linux-x86_64 | 0.1.3 | 8.76 | 71.23 | 79.99 | OK | |
r-patched-solaris-x86 | 0.1.3 | 142.60 | NOTE | |||
r-release-linux-x86_64 | 0.1.3 | 8.33 | 70.91 | 79.24 | OK | |
r-release-macos-x86_64 | 0.1.3 | NOTE | ||||
r-release-windows-ix86+x86_64 | 0.1.3 | 26.00 | 77.00 | 103.00 | OK | |
r-oldrel-macos-x86_64 | 0.1.3 | NOTE | ||||
r-oldrel-windows-ix86+x86_64 | 0.1.3 | 16.00 | 74.00 | 90.00 | OK |
Version: 0.1.3
Check: dependencies in R code
Result: NOTE
Namespaces in Imports field not imported from:
‘iterators’ ‘methods’
All declared Imports should be used.
Flavors: r-devel-linux-x86_64-fedora-clang, r-devel-linux-x86_64-fedora-gcc, r-patched-solaris-x86, r-release-macos-x86_64, r-oldrel-macos-x86_64