Last updated on 2020-08-07 01:49:45 CEST.
| Flavor | Version | Tinstall | Tcheck | Ttotal | Status | Flags | 
|---|---|---|---|---|---|---|
| r-devel-linux-x86_64-debian-clang | 1.4.3 | 9.16 | 297.78 | 306.94 | OK | |
| r-devel-linux-x86_64-debian-gcc | 1.4.3 | 8.10 | 210.98 | 219.08 | OK | |
| r-devel-linux-x86_64-fedora-clang | 1.4.3 | 368.42 | OK | |||
| r-devel-linux-x86_64-fedora-gcc | 1.4.3 | 360.88 | OK | |||
| r-devel-windows-ix86+x86_64 | 1.4.3 | 35.00 | 351.00 | 386.00 | OK | |
| r-patched-linux-x86_64 | 1.4.3 | 10.23 | 284.37 | 294.60 | OK | |
| r-patched-solaris-x86 | 1.4.3 | 365.50 | OK | |||
| r-release-linux-x86_64 | 1.4.3 | 8.84 | 286.15 | 294.99 | OK | |
| r-release-macos-x86_64 | 1.4.3 | OK | ||||
| r-release-windows-ix86+x86_64 | 1.4.3 | 32.00 | 258.00 | 290.00 | OK | |
| r-oldrel-macos-x86_64 | 1.4.3 | WARN | ||||
| r-oldrel-windows-ix86+x86_64 | 1.4.3 | 20.00 | 243.00 | 263.00 | OK | 
Version: 1.4.3
Check: whether package can be installed
Result: WARN
    Found the following significant warnings:
      Warning: 'rgl_init' failed, running with rgl.useNULL = TRUE
Flavor: r-oldrel-macos-x86_64
Version: 1.4.3
Check: dependencies in R code
Result: NOTE
    No protocol specified
Flavor: r-oldrel-macos-x86_64
Version: 1.4.3
Check: S3 generic/method consistency
Result: WARN
    No protocol specified
    See section ‘Generic functions and methods’ in the ‘Writing R
    Extensions’ manual.
Flavor: r-oldrel-macos-x86_64
Version: 1.4.3
Check: replacement functions
Result: WARN
    No protocol specified
    The argument of a replacement function which corresponds to the right
    hand side must be named ‘value’.
Flavor: r-oldrel-macos-x86_64
Version: 1.4.3
Check: foreign function calls
Result: NOTE
    No protocol specified
    See chapter ‘System and foreign language interfaces’ in the ‘Writing R
    Extensions’ manual.
Flavor: r-oldrel-macos-x86_64
Version: 1.4.3
Check: R code for possible problems
Result: NOTE
    No protocol specified
Flavor: r-oldrel-macos-x86_64
Version: 1.4.3
Check: for missing documentation entries
Result: WARN
    No protocol specified
    All user-level objects in a package should have documentation entries.
    See chapter ‘Writing R documentation files’ in the ‘Writing R
    Extensions’ manual.
Flavor: r-oldrel-macos-x86_64
Version: 1.4.3
Check: for code/documentation mismatches
Result: WARN
    No protocol specified
    No protocol specified
    No protocol specified
Flavor: r-oldrel-macos-x86_64
Version: 1.4.3
Check: Rd \usage sections
Result: NOTE
    No protocol specified
    The \usage entries for S3 methods should use the \method markup and not
    their full name.
    See chapter ‘Writing R documentation files’ in the ‘Writing R
    Extensions’ manual.
Flavor: r-oldrel-macos-x86_64