Last updated on 2020-08-07 01:49:44 CEST.
Flavor | Version | Tinstall | Tcheck | Ttotal | Status | Flags |
---|---|---|---|---|---|---|
r-devel-linux-x86_64-debian-clang | 0.9.0 | 4.84 | 267.60 | 272.44 | OK | |
r-devel-linux-x86_64-debian-gcc | 0.9.0 | 3.70 | 197.84 | 201.54 | OK | |
r-devel-linux-x86_64-fedora-clang | 0.9.0 | 317.46 | NOTE | |||
r-devel-linux-x86_64-fedora-gcc | 0.9.0 | 329.04 | OK | |||
r-devel-windows-ix86+x86_64 | 0.9.0 | 16.00 | 299.00 | 315.00 | OK | |
r-patched-linux-x86_64 | 0.9.0 | 4.92 | 252.46 | 257.38 | OK | |
r-patched-solaris-x86 | 0.9.0 | 481.80 | OK | |||
r-release-linux-x86_64 | 0.9.0 | 4.79 | 251.84 | 256.63 | OK | |
r-release-macos-x86_64 | 0.9.0 | OK | ||||
r-release-windows-ix86+x86_64 | 0.9.0 | 16.00 | 435.00 | 451.00 | OK | |
r-oldrel-macos-x86_64 | 0.9.0 | OK | ||||
r-oldrel-windows-ix86+x86_64 | 0.9.0 | 10.00 | 495.00 | 505.00 | OK |
Version: 0.9.0
Check: Rd cross-references
Result: NOTE
Undeclared package ‘globals’ in Rd xrefs
Flavor: r-devel-linux-x86_64-fedora-clang