Last updated on 2020-08-07 01:49:44 CEST.
Flavor | Version | Tinstall | Tcheck | Ttotal | Status | Flags |
---|---|---|---|---|---|---|
r-devel-linux-x86_64-debian-clang | 0.1.0 | 7.75 | 217.13 | 224.88 | OK | |
r-devel-linux-x86_64-debian-gcc | 0.1.0 | 6.30 | 166.66 | 172.96 | OK | |
r-devel-linux-x86_64-fedora-clang | 0.1.0 | 263.32 | NOTE | |||
r-devel-linux-x86_64-fedora-gcc | 0.1.0 | 267.56 | NOTE | |||
r-devel-windows-ix86+x86_64 | 0.1.0 | 30.00 | 291.00 | 321.00 | OK | |
r-patched-linux-x86_64 | 0.1.0 | 5.85 | 209.96 | 215.81 | OK | |
r-patched-solaris-x86 | 0.1.0 | 406.30 | NOTE | |||
r-release-linux-x86_64 | 0.1.0 | 5.30 | 216.96 | 222.26 | OK | |
r-release-macos-x86_64 | 0.1.0 | NOTE | ||||
r-release-windows-ix86+x86_64 | 0.1.0 | 29.00 | 233.00 | 262.00 | OK | |
r-oldrel-macos-x86_64 | 0.1.0 | NOTE | ||||
r-oldrel-windows-ix86+x86_64 | 0.1.0 | 16.00 | 252.00 | 268.00 | OK |
Version: 0.1.0
Check: dependencies in R code
Result: NOTE
Namespace in Imports field not imported from: ‘grid’
All declared Imports should be used.
Flavors: r-devel-linux-x86_64-fedora-clang, r-devel-linux-x86_64-fedora-gcc, r-patched-solaris-x86, r-release-macos-x86_64, r-oldrel-macos-x86_64