Last updated on 2020-08-07 01:49:43 CEST.
Flavor | Version | Tinstall | Tcheck | Ttotal | Status | Flags |
---|---|---|---|---|---|---|
r-devel-linux-x86_64-debian-clang | 0.3.0 | 8.14 | 62.80 | 70.94 | OK | |
r-devel-linux-x86_64-debian-gcc | 0.3.0 | 6.31 | 50.75 | 57.06 | OK | |
r-devel-linux-x86_64-fedora-clang | 0.3.0 | 95.01 | OK | |||
r-devel-linux-x86_64-fedora-gcc | 0.3.0 | 87.84 | OK | |||
r-devel-windows-ix86+x86_64 | 0.3.0 | 22.00 | 83.00 | 105.00 | OK | |
r-patched-linux-x86_64 | 0.3.0 | 8.57 | 65.17 | 73.74 | OK | |
r-patched-solaris-x86 | 0.3.0 | 124.20 | NOTE | |||
r-release-linux-x86_64 | 0.3.0 | 8.16 | 65.04 | 73.20 | OK | |
r-release-macos-x86_64 | 0.3.0 | NOTE | ||||
r-release-windows-ix86+x86_64 | 0.3.0 | 22.00 | 111.00 | 133.00 | OK | |
r-oldrel-macos-x86_64 | 0.3.0 | OK | ||||
r-oldrel-windows-ix86+x86_64 | 0.3.0 | 11.00 | 73.00 | 84.00 | OK |
Version: 0.3.0
Check: package dependencies
Result: NOTE
Package suggested but not available for checking: ‘codemetar’
Flavors: r-patched-solaris-x86, r-release-macos-x86_64