Last updated on 2020-08-07 01:49:43 CEST.
Flavor | Version | Tinstall | Tcheck | Ttotal | Status | Flags |
---|---|---|---|---|---|---|
r-devel-linux-x86_64-debian-clang | 1.4.1 | 12.99 | 81.59 | 94.58 | NOTE | |
r-devel-linux-x86_64-debian-gcc | 1.4.1 | 9.40 | 64.23 | 73.63 | NOTE | |
r-devel-linux-x86_64-fedora-clang | 1.4.1 | 117.93 | NOTE | |||
r-devel-linux-x86_64-fedora-gcc | 1.4.1 | 109.48 | NOTE | |||
r-devel-windows-ix86+x86_64 | 1.4.1 | 36.00 | 128.00 | 164.00 | OK | |
r-patched-linux-x86_64 | 1.4.1 | 11.76 | 79.40 | 91.16 | NOTE | |
r-patched-solaris-x86 | 1.4.1 | 172.90 | NOTE | |||
r-release-linux-x86_64 | 1.4.1 | 11.80 | 80.42 | 92.22 | NOTE | |
r-release-macos-x86_64 | 1.4.1 | OK | ||||
r-release-windows-ix86+x86_64 | 1.4.1 | 34.00 | 180.00 | 214.00 | OK | |
r-oldrel-macos-x86_64 | 1.4.1 | OK | ||||
r-oldrel-windows-ix86+x86_64 | 1.4.1 | 23.00 | 165.00 | 188.00 | OK |
Version: 1.4.1
Check: for non-standard things in the check directory
Result: NOTE
Found the following files/directories:
'default5.eps'
Flavors: r-devel-linux-x86_64-debian-clang, r-devel-linux-x86_64-debian-gcc, r-devel-linux-x86_64-fedora-clang, r-devel-linux-x86_64-fedora-gcc, r-patched-linux-x86_64, r-patched-solaris-x86, r-release-linux-x86_64
Version: 1.4.1
Check: compiled code
Result: NOTE
File ‘fastclime/libs/fastclime.so’:
Found no calls to: ‘R_registerRoutines’, ‘R_useDynamicSymbols’
It is good practice to register native routines and to disable symbol
search.
See ‘Writing portable packages’ in the ‘Writing R Extensions’ manual.
Flavors: r-devel-linux-x86_64-fedora-clang, r-devel-linux-x86_64-fedora-gcc