Last updated on 2020-08-07 01:49:43 CEST.
Flavor | Version | Tinstall | Tcheck | Ttotal | Status | Flags |
---|---|---|---|---|---|---|
r-devel-linux-x86_64-debian-clang | 1.1.1 | 3.33 | 26.99 | 30.32 | NOTE | |
r-devel-linux-x86_64-debian-gcc | 1.1.1 | 2.54 | 21.14 | 23.68 | NOTE | |
r-devel-linux-x86_64-fedora-clang | 1.1.1 | 44.22 | NOTE | |||
r-devel-linux-x86_64-fedora-gcc | 1.1.1 | 35.02 | NOTE | |||
r-devel-windows-ix86+x86_64 | 1.1.1 | 9.00 | 39.00 | 48.00 | NOTE | |
r-patched-linux-x86_64 | 1.1.1 | 3.38 | 27.30 | 30.68 | NOTE | |
r-patched-solaris-x86 | 1.1.1 | 55.00 | NOTE | |||
r-release-linux-x86_64 | 1.1.1 | 3.29 | 26.91 | 30.20 | NOTE | |
r-release-macos-x86_64 | 1.1.1 | NOTE | ||||
r-release-windows-ix86+x86_64 | 1.1.1 | 9.00 | 61.00 | 70.00 | NOTE | |
r-oldrel-macos-x86_64 | 1.1.1 | NOTE | ||||
r-oldrel-windows-ix86+x86_64 | 1.1.1 | 4.00 | 53.00 | 57.00 | NOTE |
Version: 1.1.1
Check: R code for possible problems
Result: NOTE
index.citations: no visible global function definition for
'txtProgressBar'
read.exsic: no visible global function definition for 'read.csv'
update.pb: no visible global function definition for
'setTxtProgressBar'
Undefined global functions or variables:
read.csv setTxtProgressBar txtProgressBar
Consider adding
importFrom("utils", "read.csv", "setTxtProgressBar", "txtProgressBar")
to your NAMESPACE file.
Flavors: r-devel-linux-x86_64-debian-clang, r-devel-linux-x86_64-debian-gcc, r-devel-linux-x86_64-fedora-clang, r-devel-linux-x86_64-fedora-gcc, r-devel-windows-ix86+x86_64, r-patched-linux-x86_64, r-patched-solaris-x86, r-release-linux-x86_64, r-release-macos-x86_64, r-release-windows-ix86+x86_64, r-oldrel-macos-x86_64, r-oldrel-windows-ix86+x86_64