Last updated on 2020-08-07 01:49:43 CEST.
| Flavor | Version | Tinstall | Tcheck | Ttotal | Status | Flags | 
|---|---|---|---|---|---|---|
| r-devel-linux-x86_64-debian-clang | 1.4.2 | 3.43 | 50.53 | 53.96 | NOTE | |
| r-devel-linux-x86_64-debian-gcc | 1.4.2 | 3.05 | 38.16 | 41.21 | NOTE | |
| r-devel-linux-x86_64-fedora-clang | 1.4.2 | 72.81 | NOTE | |||
| r-devel-linux-x86_64-fedora-gcc | 1.4.2 | 63.47 | NOTE | |||
| r-devel-windows-ix86+x86_64 | 1.4.2 | 15.00 | 76.00 | 91.00 | NOTE | |
| r-patched-linux-x86_64 | 1.4.2 | 3.83 | 49.78 | 53.61 | NOTE | |
| r-patched-solaris-x86 | 1.4.2 | 83.30 | NOTE | |||
| r-release-linux-x86_64 | 1.4.2 | 3.67 | 49.85 | 53.52 | NOTE | |
| r-release-macos-x86_64 | 1.4.2 | NOTE | ||||
| r-release-windows-ix86+x86_64 | 1.4.2 | 9.00 | 74.00 | 83.00 | NOTE | |
| r-oldrel-macos-x86_64 | 1.4.2 | NOTE | ||||
| r-oldrel-windows-ix86+x86_64 | 1.4.2 | 9.00 | 100.00 | 109.00 | NOTE | 
Version: 1.4.2
Check: DESCRIPTION meta-information
Result: NOTE
    Malformed Description field: should contain one or more complete sentences.
Flavors: r-devel-linux-x86_64-debian-clang, r-devel-linux-x86_64-debian-gcc, r-devel-linux-x86_64-fedora-clang, r-devel-linux-x86_64-fedora-gcc, r-devel-windows-ix86+x86_64, r-patched-linux-x86_64, r-patched-solaris-x86, r-release-linux-x86_64, r-release-macos-x86_64, r-release-windows-ix86+x86_64, r-oldrel-macos-x86_64, r-oldrel-windows-ix86+x86_64
Version: 1.4.2
Check: R code for possible problems
Result: NOTE
    build.mcx.obj: no visible global function definition for 'glm'
    build.mcx.obj: no visible binding for global variable 'poisson'
    build.mcx.obj: no visible global function definition for 'fitted'
    cab: no visible global function definition for 'rbinom'
    cab: no visible global function definition for 'runif'
    mcexact: no visible global function definition for 'update'
    rounded.tprob: no visible global function definition for 'pt'
    simtable.cab: no visible global function definition for 'rbinom'
    simtable.cab: no visible global function definition for 'runif'
    Undefined global functions or variables:
      fitted glm poisson pt rbinom runif update
    Consider adding
      importFrom("stats", "fitted", "glm", "poisson", "pt", "rbinom",
                 "runif", "update")
    to your NAMESPACE file.
Flavors: r-devel-linux-x86_64-debian-clang, r-devel-linux-x86_64-debian-gcc, r-devel-linux-x86_64-fedora-clang, r-devel-linux-x86_64-fedora-gcc, r-devel-windows-ix86+x86_64, r-patched-linux-x86_64, r-patched-solaris-x86, r-release-linux-x86_64, r-release-macos-x86_64, r-release-windows-ix86+x86_64, r-oldrel-macos-x86_64, r-oldrel-windows-ix86+x86_64
Version: 1.4.2
Check: compiled code
Result: NOTE
    File ‘exactLoglinTest/libs/exactLoglinTest.so’:
      Found no calls to: ‘R_registerRoutines’, ‘R_useDynamicSymbols’
    
    It is good practice to register native routines and to disable symbol
    search.
    
    See ‘Writing portable packages’ in the ‘Writing R Extensions’ manual.
Flavors: r-devel-linux-x86_64-fedora-clang, r-devel-linux-x86_64-fedora-gcc