CRAN Package Check Results for Package evobiR

Last updated on 2020-08-07 01:49:43 CEST.

Flavor Version Tinstall Tcheck Ttotal Status Flags
r-devel-linux-x86_64-debian-clang 1.1 10.71 82.45 93.16 NOTE
r-devel-linux-x86_64-debian-gcc 1.1 7.84 64.43 72.27 NOTE
r-devel-linux-x86_64-fedora-clang 1.1 121.31 NOTE
r-devel-linux-x86_64-fedora-gcc 1.1 110.75 NOTE
r-devel-windows-ix86+x86_64 1.1 36.00 96.00 132.00 OK
r-patched-linux-x86_64 1.1 11.07 81.84 92.91 NOTE
r-patched-solaris-x86 1.1 166.30 NOTE
r-release-linux-x86_64 1.1 8.10 81.91 90.01 NOTE
r-release-macos-x86_64 1.1 OK
r-release-windows-ix86+x86_64 1.1 38.00 149.00 187.00 OK
r-oldrel-macos-x86_64 1.1 OK
r-oldrel-windows-ix86+x86_64 1.1 20.00 124.00 144.00 OK

Check Details

Version: 1.1
Check: for non-standard things in the check directory
Result: NOTE
    Found the following files/directories:
     'sample .nwk'
Flavors: r-devel-linux-x86_64-debian-clang, r-devel-linux-x86_64-debian-gcc, r-devel-linux-x86_64-fedora-clang, r-devel-linux-x86_64-fedora-gcc, r-patched-linux-x86_64, r-patched-solaris-x86, r-release-linux-x86_64