CRAN Package Check Results for Package epicontacts

Last updated on 2020-08-07 01:49:42 CEST.

Flavor Version Tinstall Tcheck Ttotal Status Flags
r-devel-linux-x86_64-debian-clang 1.1.0 3.55 49.00 52.55 OK
r-devel-linux-x86_64-debian-gcc 1.1.0 3.20 37.23 40.43 OK
r-devel-linux-x86_64-fedora-clang 1.1.0 70.38 NOTE
r-devel-linux-x86_64-fedora-gcc 1.1.0 61.25 NOTE
r-devel-windows-ix86+x86_64 1.1.0 14.00 87.00 101.00 OK
r-patched-linux-x86_64 1.1.0 3.56 47.40 50.96 OK
r-patched-solaris-x86 1.1.0 89.10 WARN
r-release-linux-x86_64 1.1.0 3.72 47.29 51.01 OK
r-release-macos-x86_64 1.1.0 WARN
r-release-windows-ix86+x86_64 1.1.0 13.00 61.00 74.00 OK
r-oldrel-macos-x86_64 1.1.0 WARN
r-oldrel-windows-ix86+x86_64 1.1.0 7.00 64.00 71.00 OK

Check Details

Version: 1.1.0
Check: dependencies in R code
Result: NOTE
    Namespace in Imports field not imported from: ‘colorspace’
     All declared Imports should be used.
Flavors: r-devel-linux-x86_64-fedora-clang, r-devel-linux-x86_64-fedora-gcc, r-patched-solaris-x86, r-release-macos-x86_64, r-oldrel-macos-x86_64

Version: 1.1.0
Check: re-building of vignette outputs
Result: WARN
    Error(s) in re-building vignettes:
     ...
    --- re-building ‘epicontacts.Rmd’ using rmarkdown
    Warning in engine$weave(file, quiet = quiet, encoding = enc) :
     Pandoc (>= 1.12.3) and/or pandoc-citeproc not available. Falling back to R Markdown v1.
    Warning: `tbl_df()` is deprecated as of dplyr 1.0.0.
    Please use `tibble::as_tibble()` instead.
    This warning is displayed once every 8 hours.
    Call `lifecycle::last_warnings()` to see where this warning was generated.
    Quitting from lines 150-151 (epicontacts.Rmd)
    Error: processing vignette 'epicontacts.Rmd' failed with diagnostics:
    there is no package called 'webshot'
    --- failed re-building ‘epicontacts.Rmd’
    
    --- re-building ‘epicontacts_class.Rmd’ using rmarkdown
    Warning in engine$weave(file, quiet = quiet, encoding = enc) :
     Pandoc (>= 1.12.3) and/or pandoc-citeproc not available. Falling back to R Markdown v1.
    Warning: `tbl_df()` is deprecated as of dplyr 1.0.0.
    Please use `tibble::as_tibble()` instead.
    This warning is displayed once every 8 hours.
    Call `lifecycle::last_warnings()` to see where this warning was generated.
    --- finished re-building ‘epicontacts_class.Rmd’
    
    SUMMARY: processing the following file failed:
     ‘epicontacts.Rmd’
    
    Error: Vignette re-building failed.
    Execution halted
Flavor: r-patched-solaris-x86

Version: 1.1.0
Check: re-building of vignette outputs
Result: WARN
    Error(s) in re-building vignettes:
    --- re-building ‘epicontacts.Rmd’ using rmarkdown
    Warning in engine$weave(file, quiet = quiet, encoding = enc) :
     Pandoc (>= 1.12.3) and/or pandoc-citeproc not available. Falling back to R Markdown v1.
    Warning: `tbl_df()` is deprecated as of dplyr 1.0.0.
    Please use `tibble::as_tibble()` instead.
    This warning is displayed once every 8 hours.
    Call `lifecycle::last_warnings()` to see where this warning was generated.
    PhantomJS not found. You can install it with webshot::install_phantomjs(). If it is installed, please make sure the phantomjs executable can be found via the PATH variable.
    Warning in normalizePath(f2) :
     path[1]="webshot783155a38ab4.png": No such file or directory
    Warning in file(con, "rb") :
     cannot open file 'webshot783155a38ab4.png': No such file or directory
    Quitting from lines 150-151 (epicontacts.Rmd)
    Error: processing vignette 'epicontacts.Rmd' failed with diagnostics:
    cannot open the connection
    --- failed re-building ‘epicontacts.Rmd’
    
    --- re-building ‘epicontacts_class.Rmd’ using rmarkdown
    Warning in engine$weave(file, quiet = quiet, encoding = enc) :
     Pandoc (>= 1.12.3) and/or pandoc-citeproc not available. Falling back to R Markdown v1.
    Warning: `tbl_df()` is deprecated as of dplyr 1.0.0.
    Please use `tibble::as_tibble()` instead.
    This warning is displayed once every 8 hours.
    Call `lifecycle::last_warnings()` to see where this warning was generated.
    --- finished re-building ‘epicontacts_class.Rmd’
    
    SUMMARY: processing the following file failed:
     ‘epicontacts.Rmd’
    
    Error: Vignette re-building failed.
    Execution halted
Flavor: r-release-macos-x86_64

Version: 1.1.0
Check: re-building of vignette outputs
Result: WARN
    Error(s) in re-building vignettes:
     ...
    --- re-building ‘epicontacts.Rmd’ using rmarkdown
    Warning in engine$weave(file, quiet = quiet, encoding = enc) :
     Pandoc (>= 1.12.3) and/or pandoc-citeproc not available. Falling back to R Markdown v1.
    PhantomJS not found. You can install it with webshot::install_phantomjs(). If it is installed, please make sure the phantomjs executable can be found via the PATH variable.
    Warning in normalizePath(f2) :
     path[1]="webshotb53a10875b16.png": No such file or directory
    Warning in file(con, "rb") :
     cannot open file 'webshotb53a10875b16.png': No such file or directory
    Quitting from lines 150-151 (epicontacts.Rmd)
    Error: processing vignette 'epicontacts.Rmd' failed with diagnostics:
    cannot open the connection
    --- failed re-building ‘epicontacts.Rmd’
    
    --- re-building ‘epicontacts_class.Rmd’ using rmarkdown
    Warning in engine$weave(file, quiet = quiet, encoding = enc) :
     Pandoc (>= 1.12.3) and/or pandoc-citeproc not available. Falling back to R Markdown v1.
    --- finished re-building ‘epicontacts_class.Rmd’
    
    SUMMARY: processing the following file failed:
     ‘epicontacts.Rmd’
    
    Error: Vignette re-building failed.
    Execution halted
Flavor: r-oldrel-macos-x86_64