Last updated on 2020-08-07 01:49:42 CEST.
Flavor | Version | Tinstall | Tcheck | Ttotal | Status | Flags |
---|---|---|---|---|---|---|
r-devel-linux-x86_64-debian-clang | 0.5-0.1 | 6.21 | 22.47 | 28.68 | OK | |
r-devel-linux-x86_64-debian-gcc | 0.5-0.1 | 4.37 | 17.67 | 22.04 | OK | |
r-devel-linux-x86_64-fedora-clang | 0.5-0.1 | 43.35 | NOTE | |||
r-devel-linux-x86_64-fedora-gcc | 0.5-0.1 | 33.66 | NOTE | |||
r-devel-windows-ix86+x86_64 | 0.5-0.1 | 25.00 | 43.00 | 68.00 | OK | |
r-patched-linux-x86_64 | 0.5-0.1 | 5.06 | 22.38 | 27.44 | OK | |
r-patched-solaris-x86 | 0.5-0.1 | 50.60 | OK | |||
r-release-linux-x86_64 | 0.5-0.1 | 5.27 | 22.18 | 27.45 | OK | |
r-release-macos-x86_64 | 0.5-0.1 | OK | ||||
r-release-windows-ix86+x86_64 | 0.5-0.1 | 21.00 | 42.00 | 63.00 | OK | |
r-oldrel-macos-x86_64 | 0.5-0.1 | OK | ||||
r-oldrel-windows-ix86+x86_64 | 0.5-0.1 | 20.00 | 44.00 | 64.00 | OK |
Version: 0.5-0.1
Check: compiled code
Result: NOTE
File ‘emoa/libs/emoa.so’:
Found no calls to: ‘R_registerRoutines’, ‘R_useDynamicSymbols’
It is good practice to register native routines and to disable symbol
search.
See ‘Writing portable packages’ in the ‘Writing R Extensions’ manual.
Flavors: r-devel-linux-x86_64-fedora-clang, r-devel-linux-x86_64-fedora-gcc