Last updated on 2020-08-07 01:49:42 CEST.
Flavor | Version | Tinstall | Tcheck | Ttotal | Status | Flags |
---|---|---|---|---|---|---|
r-devel-linux-x86_64-debian-clang | 0.9.0 | 4.94 | 371.17 | 376.11 | NOTE | |
r-devel-linux-x86_64-debian-gcc | 0.9.0 | 3.74 | 246.70 | 250.44 | NOTE | |
r-devel-linux-x86_64-fedora-clang | 0.9.0 | 423.73 | OK | |||
r-devel-linux-x86_64-fedora-gcc | 0.9.0 | 420.19 | OK | |||
r-devel-windows-ix86+x86_64 | 0.9.0 | 13.00 | 422.00 | 435.00 | NOTE | |
r-patched-linux-x86_64 | 0.9.0 | 4.39 | 353.63 | 358.02 | NOTE | |
r-patched-solaris-x86 | 0.9.0 | 514.40 | OK | |||
r-release-linux-x86_64 | 0.9.0 | 4.36 | 351.95 | 356.31 | NOTE | |
r-release-macos-x86_64 | 0.9.0 | OK | ||||
r-release-windows-ix86+x86_64 | 0.9.0 | 13.00 | 310.00 | 323.00 | NOTE | |
r-oldrel-macos-x86_64 | 0.9.0 | OK | ||||
r-oldrel-windows-ix86+x86_64 | 0.9.0 | 5.00 | 365.00 | 370.00 | OK |
Version: 0.9.0
Check: package vignettes
Result: NOTE
Package vignette with placeholder title 'Vignette Title':
'example.Rmd'
Flavors: r-devel-linux-x86_64-debian-clang, r-devel-linux-x86_64-debian-gcc, r-devel-windows-ix86+x86_64, r-patched-linux-x86_64, r-release-linux-x86_64, r-release-windows-ix86+x86_64