Last updated on 2020-08-07 01:49:42 CEST.
Flavor | Version | Tinstall | Tcheck | Ttotal | Status | Flags |
---|---|---|---|---|---|---|
r-devel-linux-x86_64-debian-clang | 0.1.81 | 15.65 | 118.87 | 134.52 | OK | |
r-devel-linux-x86_64-debian-gcc | 0.1.81 | 12.20 | 88.42 | 100.62 | OK | |
r-devel-linux-x86_64-fedora-clang | 0.1.81 | 164.66 | NOTE | |||
r-devel-linux-x86_64-fedora-gcc | 0.1.81 | 155.38 | NOTE | |||
r-devel-windows-ix86+x86_64 | 0.1.81 | 42.00 | 177.00 | 219.00 | OK | |
r-patched-linux-x86_64 | 0.1.81 | 12.26 | 115.33 | 127.59 | OK | |
r-patched-solaris-x86 | 0.1.81 | 224.40 | NOTE | |||
r-release-linux-x86_64 | 0.1.81 | 13.84 | 113.77 | 127.61 | OK | |
r-release-macos-x86_64 | 0.1.81 | NOTE | ||||
r-release-windows-ix86+x86_64 | 0.1.81 | 40.00 | 128.00 | 168.00 | OK | |
r-oldrel-macos-x86_64 | 0.1.81 | NOTE | ||||
r-oldrel-windows-ix86+x86_64 | 0.1.81 | 23.00 | 121.00 | 144.00 | OK |
Version: 0.1.81
Check: dependencies in R code
Result: NOTE
Namespace in Imports field not imported from: ‘tnet’
All declared Imports should be used.
Flavors: r-devel-linux-x86_64-fedora-clang, r-devel-linux-x86_64-fedora-gcc, r-patched-solaris-x86, r-release-macos-x86_64, r-oldrel-macos-x86_64