Last updated on 2020-08-07 01:49:42 CEST.
Flavor | Version | Tinstall | Tcheck | Ttotal | Status | Flags |
---|---|---|---|---|---|---|
r-devel-linux-x86_64-debian-clang | 5.5.6 | 169.15 | 382.31 | 551.46 | NOTE | |
r-devel-linux-x86_64-debian-gcc | 5.5.6 | 134.32 | 282.28 | 416.60 | NOTE | |
r-devel-linux-x86_64-fedora-clang | 5.5.6 | 686.64 | NOTE | |||
r-devel-linux-x86_64-fedora-gcc | 5.5.6 | 664.98 | NOTE | |||
r-devel-windows-ix86+x86_64 | 5.5.6 | 480.00 | 625.00 | 1105.00 | NOTE | |
r-patched-linux-x86_64 | 5.5.6 | 135.63 | 366.08 | 501.71 | NOTE | |
r-patched-solaris-x86 | 5.5.6 | 1030.00 | NOTE | |||
r-release-linux-x86_64 | 5.5.6 | 130.29 | 371.37 | 501.66 | NOTE | |
r-release-macos-x86_64 | 5.5.6 | NOTE | ||||
r-release-windows-ix86+x86_64 | 5.5.6 | 461.00 | 440.00 | 901.00 | NOTE | |
r-oldrel-macos-x86_64 | 5.5.6 | NOTE | ||||
r-oldrel-windows-ix86+x86_64 | 5.5.6 | 332.00 | 434.00 | 766.00 | NOTE |
Version: 5.5.6
Check: for GNU extensions in Makefiles
Result: NOTE
GNU make is a SystemRequirements.
Flavors: r-devel-linux-x86_64-debian-clang, r-devel-linux-x86_64-debian-gcc, r-devel-linux-x86_64-fedora-clang, r-devel-linux-x86_64-fedora-gcc, r-devel-windows-ix86+x86_64, r-patched-linux-x86_64, r-patched-solaris-x86, r-release-linux-x86_64, r-release-macos-x86_64, r-release-windows-ix86+x86_64, r-oldrel-macos-x86_64, r-oldrel-windows-ix86+x86_64
Version: 5.5.6
Check: installed package size
Result: NOTE
installed size is 10.5Mb
sub-directories of 1Mb or more:
doc 2.6Mb
libs 6.6Mb
Flavors: r-devel-linux-x86_64-fedora-clang, r-devel-windows-ix86+x86_64, r-release-macos-x86_64, r-release-windows-ix86+x86_64, r-oldrel-macos-x86_64, r-oldrel-windows-ix86+x86_64