Last updated on 2020-08-07 01:49:42 CEST.
Flavor | Version | Tinstall | Tcheck | Ttotal | Status | Flags |
---|---|---|---|---|---|---|
r-devel-linux-x86_64-debian-clang | 1.0 | 29.61 | 36.00 | 65.61 | OK | |
r-devel-linux-x86_64-debian-gcc | 1.0 | 22.32 | 27.50 | 49.82 | OK | |
r-devel-linux-x86_64-fedora-clang | 1.0 | 93.67 | NOTE | |||
r-devel-linux-x86_64-fedora-gcc | 1.0 | 84.42 | NOTE | |||
r-devel-windows-ix86+x86_64 | 1.0 | 88.00 | 106.00 | 194.00 | OK | |
r-patched-linux-x86_64 | 1.0 | 22.58 | 34.76 | 57.34 | OK | |
r-patched-solaris-x86 | 1.0 | 104.00 | NOTE | |||
r-release-linux-x86_64 | 1.0 | 23.14 | 35.24 | 58.38 | OK | |
r-release-macos-x86_64 | 1.0 | NOTE | ||||
r-release-windows-ix86+x86_64 | 1.0 | 91.00 | 81.00 | 172.00 | OK | |
r-oldrel-macos-x86_64 | 1.0 | NOTE | ||||
r-oldrel-windows-ix86+x86_64 | 1.0 | 52.00 | 66.00 | 118.00 | OK |
Version: 1.0
Check: dependencies in R code
Result: NOTE
Namespaces in Imports field not imported from:
‘dplyr’ ‘parallel’ ‘rgdal’ ‘sp’ ‘tensorflow’
All declared Imports should be used.
Flavors: r-devel-linux-x86_64-fedora-clang, r-devel-linux-x86_64-fedora-gcc, r-patched-solaris-x86, r-release-macos-x86_64, r-oldrel-macos-x86_64