Last updated on 2020-08-07 01:49:41 CEST.
| Flavor | Version | Tinstall | Tcheck | Ttotal | Status | Flags | 
|---|---|---|---|---|---|---|
| r-devel-linux-x86_64-debian-clang | 0.3.13 | 21.35 | 253.96 | 275.31 | OK | |
| r-devel-linux-x86_64-debian-gcc | 0.3.13 | 17.69 | 190.05 | 207.74 | OK | |
| r-devel-linux-x86_64-fedora-clang | 0.3.13 | 327.73 | NOTE | |||
| r-devel-linux-x86_64-fedora-gcc | 0.3.13 | 323.42 | OK | |||
| r-devel-windows-ix86+x86_64 | 0.3.13 | 79.00 | 369.00 | 448.00 | NOTE | |
| r-patched-linux-x86_64 | 0.3.13 | 19.27 | 247.58 | 266.85 | OK | |
| r-patched-solaris-x86 | 0.3.13 | 515.90 | NOTE | |||
| r-release-linux-x86_64 | 0.3.13 | 18.26 | 245.67 | 263.93 | OK | |
| r-release-macos-x86_64 | 0.3.13 | NOTE | ||||
| r-release-windows-ix86+x86_64 | 0.3.13 | 47.00 | 248.00 | 295.00 | NOTE | |
| r-oldrel-macos-x86_64 | 0.3.13 | WARN | ||||
| r-oldrel-windows-ix86+x86_64 | 0.3.13 | 37.00 | 237.00 | 274.00 | NOTE | 
Version: 0.3.13
Check: package dependencies
Result: NOTE
    Imports includes 23 non-default packages.
    Importing from so many packages makes the package vulnerable to any of
    them becoming unavailable.  Move as many as possible to Suggests and
    use conditionally.
Flavor: r-devel-linux-x86_64-fedora-clang
Version: 0.3.13
Check: installed package size
Result: NOTE
      installed size is  5.1Mb
      sub-directories of 1Mb or more:
        doc   4.4Mb
Flavors: r-devel-linux-x86_64-fedora-clang, r-devel-windows-ix86+x86_64, r-patched-solaris-x86, r-release-macos-x86_64, r-release-windows-ix86+x86_64, r-oldrel-macos-x86_64, r-oldrel-windows-ix86+x86_64
Version: 0.3.13
Check: dependencies in R code
Result: NOTE
    No protocol specified
    No protocol specified
Flavor: r-oldrel-macos-x86_64
Version: 0.3.13
Check: S3 generic/method consistency
Result: WARN
    No protocol specified
    No protocol specified
    See section ‘Generic functions and methods’ in the ‘Writing R
    Extensions’ manual.
Flavor: r-oldrel-macos-x86_64
Version: 0.3.13
Check: replacement functions
Result: WARN
    No protocol specified
    No protocol specified
    The argument of a replacement function which corresponds to the right
    hand side must be named ‘value’.
Flavor: r-oldrel-macos-x86_64
Version: 0.3.13
Check: foreign function calls
Result: NOTE
    No protocol specified
    No protocol specified
    See chapter ‘System and foreign language interfaces’ in the ‘Writing R
    Extensions’ manual.
Flavor: r-oldrel-macos-x86_64
Version: 0.3.13
Check: R code for possible problems
Result: NOTE
    No protocol specified
    No protocol specified
Flavor: r-oldrel-macos-x86_64
Version: 0.3.13
Check: for missing documentation entries
Result: WARN
    No protocol specified
    No protocol specified
    All user-level objects in a package should have documentation entries.
    See chapter ‘Writing R documentation files’ in the ‘Writing R
    Extensions’ manual.
Flavor: r-oldrel-macos-x86_64
Version: 0.3.13
Check: for code/documentation mismatches
Result: WARN
    No protocol specified
    No protocol specified
    No protocol specified
    No protocol specified
    No protocol specified
    No protocol specified
Flavor: r-oldrel-macos-x86_64
Version: 0.3.13
Check: Rd \usage sections
Result: NOTE
    No protocol specified
    No protocol specified
    The \usage entries for S3 methods should use the \method markup and not
    their full name.
    See chapter ‘Writing R documentation files’ in the ‘Writing R
    Extensions’ manual.
Flavor: r-oldrel-macos-x86_64