Last updated on 2020-08-07 01:49:41 CEST.
Flavor | Version | Tinstall | Tcheck | Ttotal | Status | Flags |
---|---|---|---|---|---|---|
r-devel-linux-x86_64-debian-clang | 0.1-9 | 2.99 | 23.18 | 26.17 | NOTE | |
r-devel-linux-x86_64-debian-gcc | 0.1-9 | 2.67 | 18.33 | 21.00 | NOTE | |
r-devel-linux-x86_64-fedora-clang | 0.1-9 | 41.14 | NOTE | |||
r-devel-linux-x86_64-fedora-gcc | 0.1-9 | 31.42 | NOTE | |||
r-devel-windows-ix86+x86_64 | 0.1-9 | 13.00 | 37.00 | 50.00 | NOTE | |
r-patched-linux-x86_64 | 0.1-9 | 3.53 | 23.29 | 26.82 | NOTE | |
r-patched-solaris-x86 | 0.1-9 | 47.90 | NOTE | |||
r-release-linux-x86_64 | 0.1-9 | 3.34 | 23.39 | 26.73 | NOTE | |
r-release-macos-x86_64 | 0.1-9 | NOTE | ||||
r-release-windows-ix86+x86_64 | 0.1-9 | 12.00 | 51.00 | 63.00 | NOTE | |
r-oldrel-macos-x86_64 | 0.1-9 | NOTE | ||||
r-oldrel-windows-ix86+x86_64 | 0.1-9 | 6.00 | 42.00 | 48.00 | NOTE |
Version: 0.1-9
Check: dependencies in R code
Result: NOTE
Packages in Depends field not imported from:
'PropCIs' 'gee' 'rootSolve'
These packages need to be imported from (in the NAMESPACE file)
for when this namespace is loaded but not attached.
Flavors: r-devel-linux-x86_64-debian-clang, r-devel-linux-x86_64-debian-gcc, r-devel-linux-x86_64-fedora-clang, r-devel-linux-x86_64-fedora-gcc, r-devel-windows-ix86+x86_64, r-patched-linux-x86_64, r-patched-solaris-x86, r-release-linux-x86_64, r-release-macos-x86_64, r-release-windows-ix86+x86_64, r-oldrel-macos-x86_64, r-oldrel-windows-ix86+x86_64
Version: 0.1-9
Check: R code for possible problems
Result: NOTE
diffpci: no visible global function definition for 'diffpropci.Wald.mp'
diffpci: no visible global function definition for 'diffpropci.mp'
diffpci: no visible global function definition for 'scoreci.mp'
exact.cond : exactci: no visible global function definition for 'qf'
exact.midp : binom.midp : f.low: no visible global function definition
for 'dbinom'
exact.midp : binom.midp : f.low: no visible global function definition
for 'pbinom'
exact.midp : binom.midp : f.up: no visible global function definition
for 'dbinom'
exact.midp : binom.midp : f.up: no visible global function definition
for 'pbinom'
exact.midp : binom.midp : one.ci: no visible global function definition
for 'uniroot'
np.nv: no visible global function definition for 'qnorm'
np.t: no visible global function definition for 'qt'
uncond: no visible global function definition for 'qnorm'
wald.cc: no visible global function definition for 'qnorm'
wilson: no visible global function definition for 'qnorm'
wilson: no visible global function definition for 'uniroot.all'
wilson.cc: no visible global function definition for 'qnorm'
wilson.cc: no visible global function definition for 'uniroot.all'
wilson.phi: no visible global function definition for 'qnorm'
wilson.phi: no visible global function definition for 'uniroot.all'
Undefined global functions or variables:
dbinom diffpropci.Wald.mp diffpropci.mp pbinom qf qnorm qt scoreci.mp
uniroot uniroot.all
Consider adding
importFrom("stats", "dbinom", "pbinom", "qf", "qnorm", "qt", "uniroot")
to your NAMESPACE file.
Flavors: r-devel-linux-x86_64-debian-clang, r-devel-linux-x86_64-debian-gcc, r-devel-linux-x86_64-fedora-clang, r-devel-linux-x86_64-fedora-gcc, r-devel-windows-ix86+x86_64, r-patched-linux-x86_64, r-patched-solaris-x86, r-release-linux-x86_64, r-release-macos-x86_64, r-release-windows-ix86+x86_64, r-oldrel-macos-x86_64, r-oldrel-windows-ix86+x86_64