Last updated on 2020-08-07 01:49:40 CEST.
Flavor | Version | Tinstall | Tcheck | Ttotal | Status | Flags |
---|---|---|---|---|---|---|
r-devel-linux-x86_64-debian-clang | 1.0.0 | 2.44 | 30.24 | 32.68 | NOTE | |
r-devel-linux-x86_64-debian-gcc | 1.0.0 | 2.02 | 22.71 | 24.73 | NOTE | |
r-devel-linux-x86_64-fedora-clang | 1.0.0 | 47.26 | NOTE | |||
r-devel-linux-x86_64-fedora-gcc | 1.0.0 | 37.54 | NOTE | |||
r-devel-windows-ix86+x86_64 | 1.0.0 | 13.00 | 43.00 | 56.00 | OK | |
r-patched-linux-x86_64 | 1.0.0 | 2.04 | 30.63 | 32.67 | NOTE | |
r-patched-solaris-x86 | 1.0.0 | 56.70 | NOTE | |||
r-release-linux-x86_64 | 1.0.0 | 2.27 | 29.37 | 31.64 | NOTE | |
r-release-macos-x86_64 | 1.0.0 | OK | ||||
r-release-windows-ix86+x86_64 | 1.0.0 | 8.00 | 57.00 | 65.00 | OK | |
r-oldrel-macos-x86_64 | 1.0.0 | OK | ||||
r-oldrel-windows-ix86+x86_64 | 1.0.0 | 4.00 | 52.00 | 56.00 | OK |
Version: 1.0.0
Check: R code for possible problems
Result: NOTE
Found an obsolete/platform-specific call in the following function:
'dr_df'
Found the platform-specific device:
'x11'
dev.new() is the preferred way to open a new device, in the unlikely
event one is needed.
Flavors: r-devel-linux-x86_64-debian-clang, r-devel-linux-x86_64-debian-gcc, r-devel-linux-x86_64-fedora-clang, r-devel-linux-x86_64-fedora-gcc, r-patched-linux-x86_64, r-patched-solaris-x86, r-release-linux-x86_64