Last updated on 2020-08-07 01:49:40 CEST.
Flavor | Version | Tinstall | Tcheck | Ttotal | Status | Flags |
---|---|---|---|---|---|---|
r-devel-linux-x86_64-debian-clang | 0.0.3 | 2.55 | 29.77 | 32.32 | OK | |
r-devel-linux-x86_64-debian-gcc | 0.0.3 | 2.39 | 23.59 | 25.98 | OK | |
r-devel-linux-x86_64-fedora-clang | 0.0.3 | 46.50 | OK | |||
r-devel-linux-x86_64-fedora-gcc | 0.0.3 | 38.05 | OK | |||
r-devel-windows-ix86+x86_64 | 0.0.3 | 10.00 | 63.00 | 73.00 | OK | |
r-patched-linux-x86_64 | 0.0.3 | 2.69 | 29.69 | 32.38 | OK | |
r-patched-solaris-x86 | 0.0.3 | 55.10 | WARN | |||
r-release-linux-x86_64 | 0.0.3 | 3.21 | 29.60 | 32.81 | OK | |
r-release-macos-x86_64 | 0.0.3 | WARN | ||||
r-release-windows-ix86+x86_64 | 0.0.3 | 11.00 | 47.00 | 58.00 | OK | |
r-oldrel-macos-x86_64 | 0.0.3 | WARN | ||||
r-oldrel-windows-ix86+x86_64 | 0.0.3 | 6.00 | 43.00 | 49.00 | OK |
Version: 0.0.3
Check: re-building of vignette outputs
Result: WARN
Error(s) in re-building vignettes:
...
--- re-building ‘get_started.Rmd’ using rmarkdown
Warning in engine$weave(file, quiet = quiet, encoding = enc) :
Pandoc (>= 1.12.3) and/or pandoc-citeproc not available. Falling back to R Markdown v1.
Quitting from lines 26-34 (get_started.Rmd)
Error: processing vignette 'get_started.Rmd' failed with diagnostics:
there is no package called 'webshot'
--- failed re-building ‘get_started.Rmd’
SUMMARY: processing the following file failed:
‘get_started.Rmd’
Error: Vignette re-building failed.
Execution halted
Flavor: r-patched-solaris-x86
Version: 0.0.3
Check: re-building of vignette outputs
Result: WARN
Error(s) in re-building vignettes:
...
--- re-building ‘get_started.Rmd’ using rmarkdown
Warning in engine$weave(file, quiet = quiet, encoding = enc) :
Pandoc (>= 1.12.3) and/or pandoc-citeproc not available. Falling back to R Markdown v1.
Quitting from lines 26-34 (get_started.Rmd)
Error: processing vignette 'get_started.Rmd' failed with diagnostics:
cannot open the connection
--- failed re-building ‘get_started.Rmd’
SUMMARY: processing the following file failed:
‘get_started.Rmd’
Error: Vignette re-building failed.
Execution halted
Flavors: r-release-macos-x86_64, r-oldrel-macos-x86_64