Last updated on 2020-08-07 01:49:39 CEST.
Flavor | Version | Tinstall | Tcheck | Ttotal | Status | Flags |
---|---|---|---|---|---|---|
r-devel-linux-x86_64-debian-clang | 0.1.0 | 2.53 | 75.60 | 78.13 | OK | |
r-devel-linux-x86_64-debian-gcc | 0.1.0 | 2.23 | 55.18 | 57.41 | OK | |
r-devel-linux-x86_64-fedora-clang | 0.1.0 | 99.97 | NOTE | |||
r-devel-linux-x86_64-fedora-gcc | 0.1.0 | 92.47 | NOTE | |||
r-devel-windows-ix86+x86_64 | 0.1.0 | 20.00 | 83.00 | 103.00 | OK | |
r-patched-linux-x86_64 | 0.1.0 | 2.87 | 75.55 | 78.42 | OK | |
r-patched-solaris-x86 | 0.1.0 | 128.10 | NOTE | |||
r-release-linux-x86_64 | 0.1.0 | 2.84 | 74.59 | 77.43 | OK | |
r-release-macos-x86_64 | 0.1.0 | NOTE | ||||
r-release-windows-ix86+x86_64 | 0.1.0 | 14.00 | 110.00 | 124.00 | OK | |
r-oldrel-macos-x86_64 | 0.1.0 | NOTE | ||||
r-oldrel-windows-ix86+x86_64 | 0.1.0 | 6.00 | 69.00 | 75.00 | OK |
Version: 0.1.0
Check: dependencies in R code
Result: NOTE
Namespaces in Imports field not imported from:
‘ggplot2’ ‘misc3d’
All declared Imports should be used.
Flavors: r-devel-linux-x86_64-fedora-clang, r-devel-linux-x86_64-fedora-gcc, r-patched-solaris-x86, r-release-macos-x86_64, r-oldrel-macos-x86_64