Last updated on 2020-08-07 01:49:38 CEST.
| Flavor | Version | Tinstall | Tcheck | Ttotal | Status | Flags | 
|---|---|---|---|---|---|---|
| r-devel-linux-x86_64-debian-clang | 1.0-11 | 2.48 | 23.39 | 25.87 | NOTE | |
| r-devel-linux-x86_64-debian-gcc | 1.0-11 | 1.86 | 18.31 | 20.17 | NOTE | |
| r-devel-linux-x86_64-fedora-clang | 1.0-11 | 38.89 | NOTE | |||
| r-devel-linux-x86_64-fedora-gcc | 1.0-11 | 29.72 | NOTE | |||
| r-devel-windows-ix86+x86_64 | 1.0-11 | 6.00 | 37.00 | 43.00 | NOTE | |
| r-patched-linux-x86_64 | 1.0-11 | 2.48 | 22.89 | 25.37 | NOTE | |
| r-patched-solaris-x86 | 1.0-11 | 44.90 | NOTE | |||
| r-release-linux-x86_64 | 1.0-11 | 2.50 | 23.06 | 25.56 | NOTE | |
| r-release-macos-x86_64 | 1.0-11 | NOTE | ||||
| r-release-windows-ix86+x86_64 | 1.0-11 | 5.00 | 31.00 | 36.00 | NOTE | |
| r-oldrel-macos-x86_64 | 1.0-11 | NOTE | ||||
| r-oldrel-windows-ix86+x86_64 | 1.0-11 | 4.00 | 35.00 | 39.00 | NOTE | 
Version: 1.0-11
Check: R code for possible problems
Result: NOTE
    cma_es: no visible global function definition for 'rnorm'
    f_rand: no visible global function definition for 'runif'
    Undefined global functions or variables:
      rnorm runif
    Consider adding
      importFrom("stats", "rnorm", "runif")
    to your NAMESPACE file.
Flavors: r-devel-linux-x86_64-debian-clang, r-devel-linux-x86_64-debian-gcc, r-devel-linux-x86_64-fedora-clang, r-devel-linux-x86_64-fedora-gcc, r-devel-windows-ix86+x86_64, r-patched-linux-x86_64, r-patched-solaris-x86, r-release-linux-x86_64, r-release-macos-x86_64, r-release-windows-ix86+x86_64, r-oldrel-macos-x86_64, r-oldrel-windows-ix86+x86_64