Last updated on 2020-08-07 01:49:38 CEST.
| Flavor | Version | Tinstall | Tcheck | Ttotal | Status | Flags | 
|---|---|---|---|---|---|---|
| r-devel-linux-x86_64-debian-clang | 0.7.0 | 19.36 | 189.53 | 208.89 | OK | |
| r-devel-linux-x86_64-debian-gcc | 0.7.0 | 14.57 | 137.05 | 151.62 | OK | |
| r-devel-linux-x86_64-fedora-clang | 0.7.0 | 235.36 | OK | |||
| r-devel-linux-x86_64-fedora-gcc | 0.7.0 | 234.44 | OK | |||
| r-devel-windows-ix86+x86_64 | 0.7.0 | 51.00 | 191.00 | 242.00 | OK | |
| r-patched-linux-x86_64 | 0.7.0 | 14.82 | 181.27 | 196.09 | OK | |
| r-patched-solaris-x86 | 0.7.0 | 288.30 | NOTE | |||
| r-release-linux-x86_64 | 0.7.0 | 16.50 | 182.39 | 198.89 | OK | |
| r-release-macos-x86_64 | 0.7.0 | OK | ||||
| r-release-windows-ix86+x86_64 | 0.7.0 | 40.00 | 257.00 | 297.00 | OK | |
| r-oldrel-macos-x86_64 | 0.7.0 | OK | ||||
| r-oldrel-windows-ix86+x86_64 | 0.7.0 | 23.00 | 173.00 | 196.00 | OK | 
Version: 0.7.0
Check: installed package size
Result: NOTE
      installed size is  5.7Mb
      sub-directories of 1Mb or more:
        data   1.0Mb
        doc    1.7Mb
        help   2.3Mb
Flavor: r-patched-solaris-x86