Last updated on 2020-08-07 01:49:38 CEST.
Flavor | Version | Tinstall | Tcheck | Ttotal | Status | Flags |
---|---|---|---|---|---|---|
r-devel-linux-x86_64-debian-clang | 1.2.1 | 18.60 | 24.40 | 43.00 | NOTE | |
r-devel-linux-x86_64-debian-gcc | 1.2.1 | 12.14 | 19.43 | 31.57 | NOTE | |
r-devel-linux-x86_64-fedora-clang | 1.2.1 | 66.92 | NOTE | |||
r-devel-linux-x86_64-fedora-gcc | 1.2.1 | 53.30 | NOTE | |||
r-devel-windows-ix86+x86_64 | 1.2.1 | 50.00 | 54.00 | 104.00 | NOTE | |
r-patched-linux-x86_64 | 1.2.1 | 14.10 | 24.39 | 38.49 | NOTE | |
r-patched-solaris-x86 | 1.2.1 | 65.20 | NOTE | |||
r-release-linux-x86_64 | 1.2.1 | 13.75 | 24.49 | 38.24 | NOTE | |
r-release-macos-x86_64 | 1.2.1 | NOTE | ||||
r-release-windows-ix86+x86_64 | 1.2.1 | 48.00 | 71.00 | 119.00 | NOTE | |
r-oldrel-macos-x86_64 | 1.2.1 | NOTE | ||||
r-oldrel-windows-ix86+x86_64 | 1.2.1 | 40.00 | 68.00 | 108.00 | NOTE |
Version: 1.2.1
Check: DESCRIPTION meta-information
Result: NOTE
Malformed Title field: should not end in a period.
Flavors: r-devel-linux-x86_64-debian-clang, r-devel-linux-x86_64-debian-gcc, r-devel-linux-x86_64-fedora-clang, r-devel-linux-x86_64-fedora-gcc, r-devel-windows-ix86+x86_64, r-patched-linux-x86_64, r-patched-solaris-x86, r-release-linux-x86_64, r-release-macos-x86_64, r-release-windows-ix86+x86_64, r-oldrel-macos-x86_64, r-oldrel-windows-ix86+x86_64
Version: 1.2.1
Check: compiled code
Result: NOTE
File ‘cgAUC/libs/cgAUC.so’:
Found no calls to: ‘R_registerRoutines’, ‘R_useDynamicSymbols’
It is good practice to register native routines and to disable symbol
search.
See ‘Writing portable packages’ in the ‘Writing R Extensions’ manual.
Flavors: r-devel-linux-x86_64-fedora-clang, r-devel-linux-x86_64-fedora-gcc