Last updated on 2020-08-07 01:49:37 CEST.
Flavor | Version | Tinstall | Tcheck | Ttotal | Status | Flags |
---|---|---|---|---|---|---|
r-devel-linux-x86_64-debian-clang | 0.14.0 | 13.54 | 122.74 | 136.28 | OK | |
r-devel-linux-x86_64-debian-gcc | 0.14.0 | 11.30 | 91.41 | 102.71 | OK | |
r-devel-linux-x86_64-fedora-clang | 0.14.0 | 166.80 | NOTE | |||
r-devel-linux-x86_64-fedora-gcc | 0.14.0 | 159.21 | NOTE | |||
r-devel-windows-ix86+x86_64 | 0.14.0 | 46.00 | 184.00 | 230.00 | OK | |
r-patched-linux-x86_64 | 0.14.0 | 15.66 | 115.67 | 131.33 | OK | |
r-patched-solaris-x86 | 0.14.0 | 233.10 | NOTE | |||
r-release-linux-x86_64 | 0.14.0 | 14.37 | 117.72 | 132.09 | OK | |
r-release-macos-x86_64 | 0.14.0 | NOTE | ||||
r-release-windows-ix86+x86_64 | 0.14.0 | 43.00 | 127.00 | 170.00 | OK | |
r-oldrel-macos-x86_64 | 0.14.0 | NOTE | ||||
r-oldrel-windows-ix86+x86_64 | 0.14.0 | 26.00 | 122.00 | 148.00 | OK |
Version: 0.14.0
Check: data for non-ASCII characters
Result: NOTE
Note: found 59 marked UTF-8 strings
Flavors: r-devel-linux-x86_64-fedora-clang, r-devel-linux-x86_64-fedora-gcc, r-patched-solaris-x86, r-release-macos-x86_64, r-oldrel-macos-x86_64