Last updated on 2020-08-07 01:49:40 CEST.
Flavor | Version | Tinstall | Tcheck | Ttotal | Status | Flags |
---|---|---|---|---|---|---|
r-devel-linux-x86_64-debian-clang | 0.2.0 | 16.40 | 154.05 | 170.45 | OK | |
r-devel-linux-x86_64-debian-gcc | 0.2.0 | 14.42 | 113.51 | 127.93 | OK | |
r-devel-linux-x86_64-fedora-clang | 0.2.0 | 203.65 | NOTE | |||
r-devel-linux-x86_64-fedora-gcc | 0.2.0 | 195.53 | NOTE | |||
r-devel-windows-ix86+x86_64 | 0.2.0 | 32.00 | 209.00 | 241.00 | OK | |
r-patched-linux-x86_64 | 0.2.0 | 17.72 | 153.18 | 170.90 | OK | |
r-patched-solaris-x86 | 0.2.0 | 252.10 | NOTE | |||
r-release-linux-x86_64 | 0.2.0 | 15.50 | 151.84 | 167.34 | OK | |
r-release-macos-x86_64 | 0.2.0 | NOTE | ||||
r-release-windows-ix86+x86_64 | 0.2.0 | 32.00 | 164.00 | 196.00 | OK | |
r-oldrel-macos-x86_64 | 0.2.0 | NOTE | ||||
r-oldrel-windows-ix86+x86_64 | 0.2.0 | 20.00 | 142.00 | 162.00 | OK |
Version: 0.2.0
Check: dependencies in R code
Result: NOTE
Namespace in Imports field not imported from: ‘Rdpack’
All declared Imports should be used.
Flavors: r-devel-linux-x86_64-fedora-clang, r-devel-linux-x86_64-fedora-gcc, r-patched-solaris-x86, r-release-macos-x86_64, r-oldrel-macos-x86_64