Last updated on 2020-08-07 01:49:37 CEST.
Flavor | Version | Tinstall | Tcheck | Ttotal | Status | Flags |
---|---|---|---|---|---|---|
r-devel-linux-x86_64-debian-clang | 1.1.1 | 2.51 | 48.02 | 50.53 | NOTE | |
r-devel-linux-x86_64-debian-gcc | 1.1.1 | 2.21 | 38.50 | 40.71 | NOTE | |
r-devel-linux-x86_64-fedora-clang | 1.1.1 | 70.00 | NOTE | |||
r-devel-linux-x86_64-fedora-gcc | 1.1.1 | 61.28 | NOTE | |||
r-devel-windows-ix86+x86_64 | 1.1.1 | 8.00 | 78.00 | 86.00 | NOTE | |
r-patched-linux-x86_64 | 1.1.1 | 2.84 | 48.15 | 50.99 | NOTE | |
r-patched-solaris-x86 | 1.1.1 | 116.80 | NOTE | |||
r-release-linux-x86_64 | 1.1.1 | 2.90 | 48.59 | 51.49 | NOTE | |
r-release-macos-x86_64 | 1.1.1 | NOTE | ||||
r-release-windows-ix86+x86_64 | 1.1.1 | 9.00 | 100.00 | 109.00 | NOTE | |
r-oldrel-macos-x86_64 | 1.1.1 | NOTE | ||||
r-oldrel-windows-ix86+x86_64 | 1.1.1 | 4.00 | 98.00 | 102.00 | NOTE |
Version: 1.1.1
Check: R code for possible problems
Result: NOTE
makemim: no visible global function definition for 'cor'
sigtestMTC: no visible global function definition for 'p.adjust'
Undefined global functions or variables:
cor p.adjust
Consider adding
importFrom("stats", "cor", "p.adjust")
to your NAMESPACE file.
Flavors: r-devel-linux-x86_64-debian-clang, r-devel-linux-x86_64-debian-gcc, r-devel-linux-x86_64-fedora-clang, r-devel-linux-x86_64-fedora-gcc, r-devel-windows-ix86+x86_64, r-patched-linux-x86_64, r-patched-solaris-x86, r-release-linux-x86_64, r-release-macos-x86_64, r-release-windows-ix86+x86_64, r-oldrel-macos-x86_64, r-oldrel-windows-ix86+x86_64