Last updated on 2020-08-07 01:49:36 CEST.
| Flavor | Version | Tinstall | Tcheck | Ttotal | Status | Flags | 
|---|---|---|---|---|---|---|
| r-devel-linux-x86_64-debian-clang | 1.0.1 | 55.69 | 181.36 | 237.05 | OK | |
| r-devel-linux-x86_64-debian-gcc | 1.0.1 | 45.53 | 134.36 | 179.89 | OK | |
| r-devel-linux-x86_64-fedora-clang | 1.0.1 | 299.16 | NOTE | |||
| r-devel-linux-x86_64-fedora-gcc | 1.0.1 | 289.66 | NOTE | |||
| r-devel-windows-ix86+x86_64 | 1.0.1 | 160.00 | 193.00 | 353.00 | WARN | |
| r-patched-linux-x86_64 | 1.0.1 | 48.17 | 185.91 | 234.08 | OK | |
| r-patched-solaris-x86 | 1.0.1 | 424.10 | NOTE | |||
| r-release-linux-x86_64 | 1.0.1 | 49.68 | 177.06 | 226.74 | OK | |
| r-release-macos-x86_64 | 1.0.1 | NOTE | ||||
| r-release-windows-ix86+x86_64 | 1.0.1 | 138.00 | 261.00 | 399.00 | NOTE | |
| r-oldrel-macos-x86_64 | 1.0.1 | NOTE | ||||
| r-oldrel-windows-ix86+x86_64 | 1.0.1 | 94.00 | 230.00 | 324.00 | NOTE | 
Version: 1.0.1
Check: installed package size
Result: NOTE
      installed size is  8.3Mb
      sub-directories of 1Mb or more:
        data   3.5Mb
        libs   3.9Mb
Flavors: r-devel-linux-x86_64-fedora-clang, r-devel-windows-ix86+x86_64, r-release-macos-x86_64, r-release-windows-ix86+x86_64, r-oldrel-macos-x86_64, r-oldrel-windows-ix86+x86_64
Version: 1.0.1
Check: dependencies in R code
Result: NOTE
    Namespaces in Imports field not imported from:
      ‘RColorBrewer’ ‘ggplot2’
      All declared Imports should be used.
Flavors: r-devel-linux-x86_64-fedora-clang, r-devel-linux-x86_64-fedora-gcc, r-patched-solaris-x86, r-release-macos-x86_64, r-oldrel-macos-x86_64
Version: 1.0.1
Check: re-building of vignette outputs
Result: WARN
    Error(s) in re-building vignettes:
    --- re-building 'BlissIntro.Rmd' using rmarkdown
    Quitting from lines 70-80 (BlissIntro.Rmd) 
    Error: processing vignette 'BlissIntro.Rmd' failed with diagnostics:
    Mat::operator(): index out of bounds
    --- failed re-building 'BlissIntro.Rmd'
    
    SUMMARY: processing the following file failed:
      'BlissIntro.Rmd'
    
    Error: Vignette re-building failed.
    Execution halted
Flavor: r-devel-windows-ix86+x86_64