Last updated on 2020-08-07 01:49:35 CEST.
| Flavor | Version | Tinstall | Tcheck | Ttotal | Status | Flags | 
|---|---|---|---|---|---|---|
| r-devel-linux-x86_64-debian-clang | 0.2.0 | 4.50 | 45.40 | 49.90 | NOTE | |
| r-devel-linux-x86_64-debian-gcc | 0.2.0 | 3.38 | 34.28 | 37.66 | NOTE | |
| r-devel-linux-x86_64-fedora-clang | 0.2.0 | 68.65 | NOTE | |||
| r-devel-linux-x86_64-fedora-gcc | 0.2.0 | 59.67 | NOTE | |||
| r-devel-windows-ix86+x86_64 | 0.2.0 | 15.00 | 82.00 | 97.00 | OK | |
| r-patched-linux-x86_64 | 0.2.0 | 4.07 | 44.22 | 48.29 | NOTE | |
| r-patched-solaris-x86 | 0.2.0 | 93.40 | WARN | |||
| r-release-linux-x86_64 | 0.2.0 | 3.70 | 43.63 | 47.33 | NOTE | |
| r-release-macos-x86_64 | 0.2.0 | WARN | ||||
| r-release-windows-ix86+x86_64 | 0.2.0 | 15.00 | 64.00 | 79.00 | OK | |
| r-oldrel-macos-x86_64 | 0.2.0 | WARN | ||||
| r-oldrel-windows-ix86+x86_64 | 0.2.0 | 9.00 | 54.00 | 63.00 | OK | 
Version: 0.2.0
Check: for non-standard things in the check directory
Result: NOTE
    Found the following files/directories:
      'JSBP.css' 'JSBP.js' 'vizjs.js'
Flavors: r-devel-linux-x86_64-debian-clang, r-devel-linux-x86_64-debian-gcc, r-devel-linux-x86_64-fedora-clang, r-devel-linux-x86_64-fedora-gcc, r-patched-linux-x86_64, r-patched-solaris-x86, r-release-linux-x86_64
Version: 0.2.0
Check: re-building of vignette outputs
Result: WARN
    Error(s) in re-building vignettes:
      ...
    --- re-building ‘bipartiteD3_Intro.Rmd’ using rmarkdown
    Warning in engine$weave(file, quiet = quiet, encoding = enc) :
      Pandoc (>= 1.12.3) and/or pandoc-citeproc not available. Falling back to R Markdown v1.
    Loading required package: vegan
    Loading required package: permute
    Loading required package: lattice
    This is vegan 2.5-6
    Loading required package: sna
    Loading required package: statnet.common
    
    Attaching package: 'statnet.common'
    
    The following object is masked from 'package:base':
    
        order
    
    Loading required package: network
    network: Classes for Relational Data
    Version 1.16.0 created on 2019-11-30.
    copyright (c) 2005, Carter T. Butts, University of California-Irvine
                        Mark S. Handcock, University of California -- Los Angeles
                        David R. Hunter, Penn State University
                        Martina Morris, University of Washington
                        Skye Bender-deMoll, University of Washington
     For citation information, type citation("network").
     Type help("network-package") to get started.
    
    sna: Tools for Social Network Analysis
    Version 2.5 created on 2019-12-09.
    copyright (c) 2005, Carter T. Butts, University of California-Irvine
     For citation information, type citation("sna").
     Type help(package="sna") to get started.
    
     This is bipartite 2.15.
     For latest changes see versionlog in ?"bipartite-package". For citation see: citation("bipartite").
     Have a nice time plotting and analysing two-mode networks.
    
    Attaching package: 'bipartite'
    
    The following object is masked from 'package:vegan':
    
        nullmodel
    
    
    Attaching package: 'dplyr'
    
    The following objects are masked from 'package:stats':
    
        filter, lag
    
    The following objects are masked from 'package:base':
    
        intersect, setdiff, setequal, union
    
    trying URL 'http://vizjs.org/viz.v1.1.0.min.js'
    Content type 'application/javascript' length 23466 bytes (22 KB)
    ==================================================
    downloaded 22 KB
    
    trying URL 'http://vizjs.org/viz.v1.1.0.min.js'
    Content type 'application/javascript' length 23466 bytes (22 KB)
    ==================================================
    downloaded 22 KB
    
    Quitting from lines 42-54 (bipartiteD3_Intro.Rmd) 
    Error: processing vignette 'bipartiteD3_Intro.Rmd' failed with diagnostics:
    there is no package called 'webshot'
    --- failed re-building ‘bipartiteD3_Intro.Rmd’
    
    SUMMARY: processing the following file failed:
      ‘bipartiteD3_Intro.Rmd’
    
    Error: Vignette re-building failed.
    Execution halted
Flavor: r-patched-solaris-x86
Version: 0.2.0
Check: re-building of vignette outputs
Result: WARN
    Error(s) in re-building vignettes:
    --- re-building ‘bipartiteD3_Intro.Rmd’ using rmarkdown
    Warning in engine$weave(file, quiet = quiet, encoding = enc) :
      Pandoc (>= 1.12.3) and/or pandoc-citeproc not available. Falling back to R Markdown v1.
    Loading required package: vegan
    Loading required package: permute
    Loading required package: lattice
    This is vegan 2.5-6
    Loading required package: sna
    Loading required package: statnet.common
    
    Attaching package: 'statnet.common'
    
    The following object is masked from 'package:base':
    
        order
    
    Loading required package: network
    network: Classes for Relational Data
    Version 1.16.0 created on 2019-11-30.
    copyright (c) 2005, Carter T. Butts, University of California-Irvine
                        Mark S. Handcock, University of California -- Los Angeles
                        David R. Hunter, Penn State University
                        Martina Morris, University of Washington
                        Skye Bender-deMoll, University of Washington
     For citation information, type citation("network").
     Type help("network-package") to get started.
    
    sna: Tools for Social Network Analysis
    Version 2.5 created on 2019-12-09.
    copyright (c) 2005, Carter T. Butts, University of California-Irvine
     For citation information, type citation("sna").
     Type help(package="sna") to get started.
    
     This is bipartite 2.15.
     For latest changes see versionlog in ?"bipartite-package". For citation see: citation("bipartite").
     Have a nice time plotting and analysing two-mode networks.
    
    Attaching package: 'bipartite'
    
    The following object is masked from 'package:vegan':
    
        nullmodel
    
    
    Attaching package: 'dplyr'
    
    The following objects are masked from 'package:stats':
    
        filter, lag
    
    The following objects are masked from 'package:base':
    
        intersect, setdiff, setequal, union
    
    trying URL 'http://vizjs.org/viz.v1.1.0.min.js'
    Content type 'application/javascript' length 23466 bytes (22 KB)
    ==================================================
    downloaded 22 KB
    
    trying URL 'http://vizjs.org/viz.v1.1.0.min.js'
    Content type 'application/javascript' length 23466 bytes (22 KB)
    ==================================================
    downloaded 22 KB
    
    Quitting from lines 42-54 (bipartiteD3_Intro.Rmd) 
    Error: processing vignette 'bipartiteD3_Intro.Rmd' failed with diagnostics:
    cannot open the connection
    --- failed re-building ‘bipartiteD3_Intro.Rmd’
    
    SUMMARY: processing the following file failed:
      ‘bipartiteD3_Intro.Rmd’
    
    Error: Vignette re-building failed.
    Execution halted
Flavor: r-release-macos-x86_64
Version: 0.2.0
Check: re-building of vignette outputs
Result: WARN
    Error(s) in re-building vignettes:
    --- re-building ‘bipartiteD3_Intro.Rmd’ using rmarkdown
    Warning in engine$weave(file, quiet = quiet, encoding = enc) :
      Pandoc (>= 1.12.3) and/or pandoc-citeproc not available. Falling back to R Markdown v1.
    Loading required package: vegan
    Loading required package: permute
    Loading required package: lattice
    This is vegan 2.5-4
    Loading required package: sna
    Loading required package: statnet.common
    
    Attaching package: 'statnet.common'
    
    The following object is masked from 'package:base':
    
        order
    
    Loading required package: network
    network: Classes for Relational Data
    Version 1.15 created on 2019-04-01.
    copyright (c) 2005, Carter T. Butts, University of California-Irvine
                        Mark S. Handcock, University of California -- Los Angeles
                        David R. Hunter, Penn State University
                        Martina Morris, University of Washington
                        Skye Bender-deMoll, University of Washington
     For citation information, type citation("network").
     Type help("network-package") to get started.
    
    sna: Tools for Social Network Analysis
    Version 2.4 created on 2016-07-23.
    copyright (c) 2005, Carter T. Butts, University of California-Irvine
     For citation information, type citation("sna").
     Type help(package="sna") to get started.
    
     This is bipartite 2.11
     For latest changes see versionlog in  ?"bipartite-package".
     For citation see: citation("bipartite").
     Have a nice time plotting and analysing two-mode networks.
    
    
    Attaching package: 'bipartite'
    
    The following object is masked from 'package:vegan':
    
        nullmodel
    
    
    Attaching package: 'dplyr'
    
    The following objects are masked from 'package:stats':
    
        filter, lag
    
    The following objects are masked from 'package:base':
    
        intersect, setdiff, setequal, union
    
    trying URL 'http://vizjs.org/viz.v1.1.0.min.js'
    Content type 'application/javascript' length 23466 bytes (22 KB)
    ==================================================
    downloaded 22 KB
    
    trying URL 'http://vizjs.org/viz.v1.1.0.min.js'
    Content type 'application/javascript' length 23466 bytes (22 KB)
    ==================================================
    downloaded 22 KB
    
    Quitting from lines 42-54 (bipartiteD3_Intro.Rmd) 
    Error: processing vignette 'bipartiteD3_Intro.Rmd' failed with diagnostics:
    cannot open the connection
    --- failed re-building ‘bipartiteD3_Intro.Rmd’
    
    SUMMARY: processing the following file failed:
      ‘bipartiteD3_Intro.Rmd’
    
    Error: Vignette re-building failed.
    Execution halted
Flavor: r-oldrel-macos-x86_64