Last updated on 2020-08-07 01:49:35 CEST.
Flavor | Version | Tinstall | Tcheck | Ttotal | Status | Flags |
---|---|---|---|---|---|---|
r-devel-linux-x86_64-debian-clang | 6.4-0 | 16.71 | 86.32 | 103.03 | OK | |
r-devel-linux-x86_64-debian-gcc | 6.4-0 | 12.35 | 63.37 | 75.72 | OK | |
r-devel-linux-x86_64-fedora-clang | 6.4-0 | 124.47 | NOTE | |||
r-devel-linux-x86_64-fedora-gcc | 6.4-0 | 118.49 | OK | |||
r-devel-windows-ix86+x86_64 | 6.4-0 | 43.00 | 119.00 | 162.00 | OK | |
r-patched-linux-x86_64 | 6.4-0 | 15.35 | 84.52 | 99.87 | OK | |
r-patched-solaris-x86 | 6.4-0 | 158.00 | OK | |||
r-release-linux-x86_64 | 6.4-0 | 12.88 | 83.47 | 96.35 | OK | |
r-release-macos-x86_64 | 6.4-0 | NOTE | ||||
r-release-windows-ix86+x86_64 | 6.4-0 | 48.00 | 132.00 | 180.00 | OK | |
r-oldrel-macos-x86_64 | 6.4-0 | NOTE | ||||
r-oldrel-windows-ix86+x86_64 | 6.4-0 | 27.00 | 108.00 | 135.00 | OK |
Version: 6.4-0
Check: installed package size
Result: NOTE
installed size is 6.0Mb
sub-directories of 1Mb or more:
ex-data 4.7Mb
Flavors: r-devel-linux-x86_64-fedora-clang, r-release-macos-x86_64, r-oldrel-macos-x86_64